{"id":172,"date":"2017-02-28T18:53:40","date_gmt":"2017-02-28T18:53:40","guid":{"rendered":"http:\/\/jochenhemmleb.com\/web\/?page_id=172"},"modified":"2017-02-28T18:53:40","modified_gmt":"2017-02-28T18:53:40","slug":"austria-8000","status":"publish","type":"page","link":"https:\/\/jochenhemmleb.com\/web\/bucher\/austria-8000\/","title":{"rendered":"AUSTRIA 8000"},"content":{"rendered":"<h1><strong>AUSTRIA 8000<\/strong><\/h1>\n<h2><strong>\u00d6sterreichische Alpinisten auf den h\u00f6chsten Gipfeln der Welt<\/strong><\/h2>\n<p><a href=\"http:\/\/jochenhemmleb.com\/web\/wp-content\/uploads\/2017\/02\/08-Austria-8000.jpg\" target=\"_blank\"><img loading=\"lazy\" decoding=\"async\" class=\"alignleft wp-image-173 size-medium\" src=\"http:\/\/jochenhemmleb.com\/web\/wp-content\/uploads\/2017\/02\/08-Austria-8000-200x300.jpg\" width=\"200\" height=\"300\" srcset=\"https:\/\/jochenhemmleb.com\/web\/wp-content\/uploads\/2017\/02\/08-Austria-8000-200x300.jpg 200w, https:\/\/jochenhemmleb.com\/web\/wp-content\/uploads\/2017\/02\/08-Austria-8000.jpg 333w\" sizes=\"auto, (max-width: 200px) 100vw, 200px\" \/><\/a>Ging es um die Besteigung der h\u00f6chsten Gipfel der Welt, waren von Anfang an \u00f6sterreichische Bergsteiger ganz vorne dabei. In der Nachkriegszeit gelangen ihnen gleich f\u00fcnf Erstbesteigungen von Achttausendern &#8211; so viele wie sonst keiner Nation: Nanga Parbat, Cho Oyu, Gasherbrum II, Broad Peak und Dhaulagiri. Hermann Buhl war der erste Mensch, dem die Erstbesteigung von gleich zwei der welth\u00f6chsten Berge gelang. Auch unter den neuen Pionieren der 1970er und 1980er-Jahre findet sich ein \u00d6sterreicher an vorderster Stelle: Peter Habeler setzte mit der ersten Alpinstil-Besteigung eines Achttausenders (Gasherbrum I, 1975) und der ersten Besteigung des Mount Everest ohne Sauerstoffger\u00e4t zwei alpinhistorische Meilensteine. Bis heute hinterlassen \u00d6sterreicher an den h\u00f6chsten Bergen der Welt ihre Signaturen: Gerlinde Kaltenbrunner wurde 2011 zur ersten Frau, die alle 14 Achttausender ohne Sauerstoffger\u00e4t bestieg.<\/p>\n<p>In 28 Geschichten zeichnet <em>Austria 8000<\/em> mit spannenden Reportagen, sachkundigen Portr\u00e4ts und pers\u00f6nlichen Interviews erstmals ein ebenso umfassendes wie nuancenreiches Bild der \u00f6sterreichischen Leistungen an den Achttausendern &#8211; von den Anf\u00e4ngen bis heute. Mit einer \u00dcbersicht aller \u00f6sterreichischen Achttausender-Besteiger des bekannten Chronisten Eberhard Jurgalski.<\/p>\n<p>Aus Rezensionen:<\/p>\n<p><em>&#8220;Was f\u00fcr ein beeindruckendes Buch: sauber recherchiert, toll geschrieben und mit einer ungemein bunten Vielfalt an Informationen versehen. Erz\u00e4hlt werden die teils unglaublichen Geschichten, die \u00f6sterreichische Bergsteiger und \u2013innen an den Achttausendern erlebt haben. Dazu gibt es spannende Portraits der Protagonisten sowie bemerkenswerte Interviews. Und nat\u00fcrlich die eine oder andere Episode, die zum verschmitzten Schmunzeln (oder ungl\u00e4ubigen Kopfsch\u00fctteln) Anlass gibt.&#8221;<\/em><\/p>\n","protected":false},"excerpt":{"rendered":"<p>AUSTRIA 8000 \u00d6sterreichische Alpinisten auf den h\u00f6chsten Gipfeln der Welt Ging es um die Besteigung der h\u00f6chsten Gipfel der Welt, waren von Anfang an \u00f6sterreichische Bergsteiger ganz vorne dabei. In der Nachkriegszeit gelangen ihnen gleich f\u00fcnf Erstbesteigungen von Achttausendern &#8211; so viele wie sonst keiner Nation: Nanga Parbat, Cho Oyu,&hellip; <a href=\"https:\/\/jochenhemmleb.com\/web\/bucher\/austria-8000\/\" class=\"more-link read-more\" rel=\"bookmark\">Continue Reading <span class=\"screen-reader-text\">AUSTRIA 8000<\/span><i class=\"fa fa-arrow-right\"><\/i><\/a><\/p>\n","protected":false},"author":1,"featured_media":0,"parent":5,"menu_order":8,"comment_status":"closed","ping_status":"closed","template":"","meta":{"footnotes":""},"class_list":{"0":"post-172","1":"page","2":"type-page","3":"status-publish","4":"hentry","5":"h-entry","7":"h-as-page"},"_links":{"self":[{"href":"https:\/\/jochenhemmleb.com\/web\/wp-json\/wp\/v2\/pages\/172","targetHints":{"allow":["GET"]}}],"collection":[{"href":"https:\/\/jochenhemmleb.com\/web\/wp-json\/wp\/v2\/pages"}],"about":[{"href":"https:\/\/jochenhemmleb.com\/web\/wp-json\/wp\/v2\/types\/page"}],"author":[{"embeddable":true,"href":"https:\/\/jochenhemmleb.com\/web\/wp-json\/wp\/v2\/users\/1"}],"replies":[{"embeddable":true,"href":"https:\/\/jochenhemmleb.com\/web\/wp-json\/wp\/v2\/comments?post=172"}],"version-history":[{"count":1,"href":"https:\/\/jochenhemmleb.com\/web\/wp-json\/wp\/v2\/pages\/172\/revisions"}],"predecessor-version":[{"id":174,"href":"https:\/\/jochenhemmleb.com\/web\/wp-json\/wp\/v2\/pages\/172\/revisions\/174"}],"up":[{"embeddable":true,"href":"https:\/\/jochenhemmleb.com\/web\/wp-json\/wp\/v2\/pages\/5"}],"wp:attachment":[{"href":"https:\/\/jochenhemmleb.com\/web\/wp-json\/wp\/v2\/media?parent=172"}],"curies":[{"name":"wp","href":"https:\/\/api.w.org\/{rel}","templated":true}]}}