{"id":178,"date":"2017-02-28T18:57:18","date_gmt":"2017-02-28T18:57:18","guid":{"rendered":"http:\/\/jochenhemmleb.com\/web\/?page_id=178"},"modified":"2017-02-28T18:57:56","modified_gmt":"2017-02-28T18:57:56","slug":"tatort-mount-everest-der-fall-mallory","status":"publish","type":"page","link":"https:\/\/jochenhemmleb.com\/web\/bucher\/tatort-mount-everest-der-fall-mallory\/","title":{"rendered":"Tatort Mount Everest: Der Fall Mallory"},"content":{"rendered":"<h1><strong>Tatort Mount Everest: Der Fall Mallory<\/strong><\/h1>\n<h2><strong>Neue Fakten und Hintergr\u00fcnde<\/strong><\/h2>\n<p><a href=\"http:\/\/jochenhemmleb.com\/web\/wp-content\/uploads\/2017\/02\/10-Tatort-Mount-Everest.jpg\" target=\"_blank\"><img loading=\"lazy\" decoding=\"async\" class=\"alignleft wp-image-179 size-medium\" src=\"http:\/\/jochenhemmleb.com\/web\/wp-content\/uploads\/2017\/02\/10-Tatort-Mount-Everest-212x300.jpg\" width=\"212\" height=\"300\" srcset=\"https:\/\/jochenhemmleb.com\/web\/wp-content\/uploads\/2017\/02\/10-Tatort-Mount-Everest-212x300.jpg 212w, https:\/\/jochenhemmleb.com\/web\/wp-content\/uploads\/2017\/02\/10-Tatort-Mount-Everest.jpg 353w\" sizes=\"auto, (max-width: 212px) 100vw, 212px\" \/><\/a>Was geschah am 8. Juni 1924 am Mount Everest? Die Geschichte einer Suche \u2013 spannend wie ein Krimi.<\/p>\n<p>Sie wollten als Erste den h\u00f6chsten Berg der Welt besteigen: George Mallory und Andrew Irvine. Doch sie kamen vom letzten Aufstieg nicht mehr zur\u00fcck. Hatten die beiden Briten den Gipfel wirklich erreicht oder waren sie gescheitert?<\/p>\n<p>Erst 1999 gelingt es einer Expedition, die Leiche Mallorys aufzusp\u00fcren. Doch wo liegen Irvine und seine Kamera, die den Gipfelerfolg beweisen k\u00f6nnte? Der Alpinhistoriker Jochen Hemmleb beschreibt die abenteuerliche Suche nach den Verschollenen, f\u00fchrt alle Fakten und Theorien zu Mallorys und Irvines Aufstieg zusammen und rekonstruiert anhand der Funde am Everest sowie der Erfahrungen anderer Expeditionen die letzten Tage der beiden M\u00e4nner.<\/p>\n<ul>\n<li>Mit exklusiven Interviews zum mutma\u00dflichen Fund von Andrew Irvines Leiche 1960<\/li>\n<li>Alle Funde der Mallory &amp; Irvine-Suchexpeditionen 1999, 2001 und 2004<\/li>\n<li>Die detaillierteste deutschsprachige Chronik der britischen und chinesischen Expeditionen zur Everest-Nordseite 1921-1979<\/li>\n<li>Mit \u00fcber 100 teilweise unver\u00f6ffentlichten Fotos und Dokumenten<\/li>\n<li>Mit einem Vorwort von Gerlinde Kaltenbrunner und Ralf Dujmovits<\/li>\n<\/ul>\n<p><strong>Aus Rezensionen:<\/strong><\/p>\n<p><em>&#8220;Das Verschwinden von Mallory und Irvine bei ihrem Gipfelversuch im Juni 1924 am Mount Everest hat eine Unmenge von Meinungs\u00e4u\u00dferungen hervorgebracht. &#8230; Unter den Urhebern befinden sich Everestspezialisten, die sich der L\u00f6sung des R\u00e4tsels verschrieben haben, aber auch Spitzenalpinisten, die in teilweise abenteuerlich anmutenden Publikationen Halbwissen und Egozentrik absondern. Und schlie\u00dflich gibt es auch noch Jochen Hemmleb: Seit \u00fcber 20 Jahren recherchiert er den Fall Mallory &amp; Irvine. 1999 fand eine von ihm mitinitiierte Suchexpedition die Leiche Mallorys &#8211; damals ein viel beachteter Coup. Zehn Jahre sp\u00e4ter fasst er alte und neue Erkenntnisse im vorliegenden Buch zusammen &#8211; und tut dies meisterhaft: &#8230; Die ausgesprochen gr\u00fcndliche Recherche macht das Lesen des Buches spannend, informativ und unterhaltsam. Die Frage, ob die beiden Pioniere den Gipfel erreicht haben, kann auch Jochen Hemmleb (noch) nicht endg\u00fcltig beantworten. Seine Theorie \u00fcber den m\u00f6glichen Ablauf der Ereignisse l\u00e4sst jedoch eine klare Tendenz erkennen, vor allem aber ist sie sachlich, nachvollziehbar (was bei der komplexen Materie schwierig genug ist!) und nicht missionarisch belehrend.&#8221;<\/em><\/p>\n<p><em>&#8220;Das Buch \u00fcberzeugt durch seine detaillierte, spannende und seri\u00f6se Schilderung der Begebenheiten. Die menschliche Seite &#8211; sowohl der historischen Personen als auch die Reflexionen des Autors &#8211; erm\u00f6glichen einen pers\u00f6nlichen Zugang, der nicht nur Berg-Interessierte anspricht. Es gibt keine Verkl\u00e4rungen und keine wilden Spekulationen.&#8221;\u00a0<\/em><\/p>\n<p><em>&#8220;Dies ist die beste schriftliche Darstellung der Problematik um Mallory und Irvine im Jahr 1924 am Everest.&#8221;\u00a0<\/em><\/p>\n","protected":false},"excerpt":{"rendered":"<p>Tatort Mount Everest: Der Fall Mallory Neue Fakten und Hintergr\u00fcnde Was geschah am 8. Juni 1924 am Mount Everest? Die Geschichte einer Suche \u2013 spannend wie ein Krimi. Sie wollten als Erste den h\u00f6chsten Berg der Welt besteigen: George Mallory und Andrew Irvine. Doch sie kamen vom letzten Aufstieg nicht&hellip; <a href=\"https:\/\/jochenhemmleb.com\/web\/bucher\/tatort-mount-everest-der-fall-mallory\/\" class=\"more-link read-more\" rel=\"bookmark\">Continue Reading <span class=\"screen-reader-text\">Tatort Mount Everest: Der Fall Mallory<\/span><i class=\"fa fa-arrow-right\"><\/i><\/a><\/p>\n","protected":false},"author":1,"featured_media":0,"parent":5,"menu_order":10,"comment_status":"closed","ping_status":"closed","template":"","meta":{"footnotes":""},"class_list":{"0":"post-178","1":"page","2":"type-page","3":"status-publish","4":"hentry","5":"h-entry","7":"h-as-page"},"_links":{"self":[{"href":"https:\/\/jochenhemmleb.com\/web\/wp-json\/wp\/v2\/pages\/178","targetHints":{"allow":["GET"]}}],"collection":[{"href":"https:\/\/jochenhemmleb.com\/web\/wp-json\/wp\/v2\/pages"}],"about":[{"href":"https:\/\/jochenhemmleb.com\/web\/wp-json\/wp\/v2\/types\/page"}],"author":[{"embeddable":true,"href":"https:\/\/jochenhemmleb.com\/web\/wp-json\/wp\/v2\/users\/1"}],"replies":[{"embeddable":true,"href":"https:\/\/jochenhemmleb.com\/web\/wp-json\/wp\/v2\/comments?post=178"}],"version-history":[{"count":2,"href":"https:\/\/jochenhemmleb.com\/web\/wp-json\/wp\/v2\/pages\/178\/revisions"}],"predecessor-version":[{"id":181,"href":"https:\/\/jochenhemmleb.com\/web\/wp-json\/wp\/v2\/pages\/178\/revisions\/181"}],"up":[{"embeddable":true,"href":"https:\/\/jochenhemmleb.com\/web\/wp-json\/wp\/v2\/pages\/5"}],"wp:attachment":[{"href":"https:\/\/jochenhemmleb.com\/web\/wp-json\/wp\/v2\/media?parent=178"}],"curies":[{"name":"wp","href":"https:\/\/api.w.org\/{rel}","templated":true}]}}