{"id":202,"date":"2017-02-28T19:17:49","date_gmt":"2017-02-28T19:17:49","guid":{"rendered":"http:\/\/jochenhemmleb.com\/web\/?page_id=202"},"modified":"2017-02-28T19:18:30","modified_gmt":"2017-02-28T19:18:30","slug":"die-geister-des-mount-everest","status":"publish","type":"page","link":"https:\/\/jochenhemmleb.com\/web\/bucher\/die-geister-des-mount-everest\/","title":{"rendered":"Die Geister des Mount Everest"},"content":{"rendered":"<h1><strong>Die Geister des Mount Everest<\/strong><\/h1>\n<h2><strong>Die Suche nach Mallory &amp; Irvine<\/strong><\/h2>\n<p><a href=\"http:\/\/jochenhemmleb.com\/web\/wp-content\/uploads\/2017\/02\/17a-Geister-des-Mount-Everest.gif\" target=\"_blank\"><img loading=\"lazy\" decoding=\"async\" class=\"alignleft wp-image-203 size-medium\" src=\"http:\/\/jochenhemmleb.com\/web\/wp-content\/uploads\/2017\/02\/17a-Geister-des-Mount-Everest-253x300.gif\" width=\"253\" height=\"300\" \/><\/a>Im Mai 1999 wurde die Leiche des Bergsteigers George Mallory am Nordhang des Mount Everest gefunden. F\u00fcnfundsiebzig Jahre lang hatte sie dort \u00fcberdauert, festgefroren im Ger\u00f6ll und von K\u00e4lte und H\u00f6henstrahlung mumifiziert. Am 8. Juni 1924 war Mallory mit seinem Gef\u00e4hrten Andrew Irvine zum letzten Mal gesichtet worden, dem Gipfel nah, aber immer noch durch gef\u00e4hrliche Steilh\u00e4nge vom ersehnten Ziel &#8211; vielleicht ein Leben weit &#8211; getrennt. Seither ist dieser &#8220;letzte Anstieg&#8221; zur gr\u00f6\u00dften Legende der Bergsteigerwelt geworden. War es den beiden trotz ihrer unzureichenden Ausr\u00fcstung vor ihrem Tod gelungen, den h\u00f6chsten Berg der Erde als erste zu bezwingen? Was war ihnen zugesto\u00dfen?<\/p>\n<p><em>Die Geister des Mount Everest<\/em> ist der authentische Bericht der Suchexpedition, die den Leichnam entdeckte, und zugleich die Geschichte der letzten Expedition Mallorys, die Hemmleb, Johnson und Simonson aufgrund der sensationellen Funde ihres Teams neu rekonstruieren. Die Autoren haben die spektakul\u00e4re Suchaktion ins Leben gerufen und von der ersten bis zur letzten Minute miterlebt. In dem Augenzeugenbericht von atemberaubender Dichte, erz\u00e4hlen die Autoren eine Detektivgeschichte, die in einer Frankfurter Studentenbude beginnt und in achttausend Metern H\u00f6he in den ungeheuren Weiten des Himalajas endet. Sie f\u00fchrt den Leser in eine abenteuerliche Welt, in der Triumph und Scheitern dicht beieinander liegen.<\/p>\n<p><strong><a href=\"http:\/\/jochenhemmleb.com\/web\/wp-content\/uploads\/2017\/02\/17b-Geister-des-Mount-Everest-TB.jpg\" target=\"_blank\"><img loading=\"lazy\" decoding=\"async\" class=\"alignleft wp-image-204 size-medium\" src=\"http:\/\/jochenhemmleb.com\/web\/wp-content\/uploads\/2017\/02\/17b-Geister-des-Mount-Everest-TB-201x300.jpg\" width=\"201\" height=\"300\" srcset=\"https:\/\/jochenhemmleb.com\/web\/wp-content\/uploads\/2017\/02\/17b-Geister-des-Mount-Everest-TB-201x300.jpg 201w, https:\/\/jochenhemmleb.com\/web\/wp-content\/uploads\/2017\/02\/17b-Geister-des-Mount-Everest-TB-687x1024.jpg 687w, https:\/\/jochenhemmleb.com\/web\/wp-content\/uploads\/2017\/02\/17b-Geister-des-Mount-Everest-TB.jpg 727w\" sizes=\"auto, (max-width: 201px) 100vw, 201px\" \/><\/a>Aus Rezensionen:<\/strong><\/p>\n<p><em>&#8220;Dieses Buch stellt die ganze Diskussion um Mallorys und Irvines Schicksal 1924 auf dem Mount Everest auf eine neue Ebene. In detektivischer Kleinarbeit werden Fakten zusammengetragen, zum Teil aus der Literatur und durch Vergleich von Quellen, zum gro\u00dfen Teil aber auch v\u00f6llig neue Beweise aus der Such- und Forschungsexpedition von 1999. &#8230; Das Buch ist sehr spannend und mitrei\u00dfend geschrieben, gleichzeitig wissenschaftlich wertvoll. Es bringt sozusagen faktenbasierte Argumentation ohne Emotionen in die Diskussion um dieses Thema ein und setzt damit einen neuen Ma\u00dfstab. Sehr empfehlenswert.&#8221;<\/em><\/p>\n<p><em>&#8220;Es liest sich wie ein \u00e4u\u00dferst spannender Kriminalroman.&#8221;\u00a0<\/em><\/p>\n","protected":false},"excerpt":{"rendered":"<p>Die Geister des Mount Everest Die Suche nach Mallory &amp; Irvine Im Mai 1999 wurde die Leiche des Bergsteigers George Mallory am Nordhang des Mount Everest gefunden. F\u00fcnfundsiebzig Jahre lang hatte sie dort \u00fcberdauert, festgefroren im Ger\u00f6ll und von K\u00e4lte und H\u00f6henstrahlung mumifiziert. Am 8. Juni 1924 war Mallory mit&hellip; <a href=\"https:\/\/jochenhemmleb.com\/web\/bucher\/die-geister-des-mount-everest\/\" class=\"more-link read-more\" rel=\"bookmark\">Continue Reading <span class=\"screen-reader-text\">Die Geister des Mount Everest<\/span><i class=\"fa fa-arrow-right\"><\/i><\/a><\/p>\n","protected":false},"author":1,"featured_media":0,"parent":5,"menu_order":17,"comment_status":"closed","ping_status":"closed","template":"","meta":{"footnotes":""},"class_list":{"0":"post-202","1":"page","2":"type-page","3":"status-publish","4":"hentry","5":"h-entry","7":"h-as-page"},"_links":{"self":[{"href":"https:\/\/jochenhemmleb.com\/web\/wp-json\/wp\/v2\/pages\/202","targetHints":{"allow":["GET"]}}],"collection":[{"href":"https:\/\/jochenhemmleb.com\/web\/wp-json\/wp\/v2\/pages"}],"about":[{"href":"https:\/\/jochenhemmleb.com\/web\/wp-json\/wp\/v2\/types\/page"}],"author":[{"embeddable":true,"href":"https:\/\/jochenhemmleb.com\/web\/wp-json\/wp\/v2\/users\/1"}],"replies":[{"embeddable":true,"href":"https:\/\/jochenhemmleb.com\/web\/wp-json\/wp\/v2\/comments?post=202"}],"version-history":[{"count":2,"href":"https:\/\/jochenhemmleb.com\/web\/wp-json\/wp\/v2\/pages\/202\/revisions"}],"predecessor-version":[{"id":206,"href":"https:\/\/jochenhemmleb.com\/web\/wp-json\/wp\/v2\/pages\/202\/revisions\/206"}],"up":[{"embeddable":true,"href":"https:\/\/jochenhemmleb.com\/web\/wp-json\/wp\/v2\/pages\/5"}],"wp:attachment":[{"href":"https:\/\/jochenhemmleb.com\/web\/wp-json\/wp\/v2\/media?parent=202"}],"curies":[{"name":"wp","href":"https:\/\/api.w.org\/{rel}","templated":true}]}}

<h1><strong>Die Geister des Mount Everest</strong></h1>
<h2><strong>Die Suche nach Mallory &amp; Irvine</strong></h2>
<p><a href="http://jochenhemmleb.com/web/wp-content/uploads/2017/02/17a-Geister-des-Mount-Everest.gif" target="_blank"><img loading="lazy" decoding="async" class="alignleft wp-image-203 size-medium" src="http://jochenhemmleb.com/web/wp-content/uploads/2017/02/17a-Geister-des-Mount-Everest-253x300.gif" width="253" height="300" /></a>Im Mai 1999 wurde die Leiche des Bergsteigers George Mallory am Nordhang des Mount Everest gefunden. Fünfundsiebzig Jahre lang hatte sie dort überdauert, festgefroren im Geröll und von Kälte und Höhenstrahlung mumifiziert. Am 8. Juni 1924 war Mallory mit seinem Gefährten Andrew Irvine zum letzten Mal gesichtet worden, dem Gipfel nah, aber immer noch durch gefährliche Steilhänge vom ersehnten Ziel &#8211; vielleicht ein Leben weit &#8211; getrennt. Seither ist dieser &#8220;letzte Anstieg&#8221; zur größten Legende der Bergsteigerwelt geworden. War es den beiden trotz ihrer unzureichenden Ausrüstung vor ihrem Tod gelungen, den höchsten Berg der Erde als erste zu bezwingen? Was war ihnen zugestoßen?</p>
<p><em>Die Geister des Mount Everest</em> ist der authentische Bericht der Suchexpedition, die den Leichnam entdeckte, und zugleich die Geschichte der letzten Expedition Mallorys, die Hemmleb, Johnson und Simonson aufgrund der sensationellen Funde ihres Teams neu rekonstruieren. Die Autoren haben die spektakuläre Suchaktion ins Leben gerufen und von der ersten bis zur letzten Minute miterlebt. In dem Augenzeugenbericht von atemberaubender Dichte, erzählen die Autoren eine Detektivgeschichte, die in einer Frankfurter Studentenbude beginnt und in achttausend Metern Höhe in den ungeheuren Weiten des Himalajas endet. Sie führt den Leser in eine abenteuerliche Welt, in der Triumph und Scheitern dicht beieinander liegen.</p>
<p><strong><a href="http://jochenhemmleb.com/web/wp-content/uploads/2017/02/17b-Geister-des-Mount-Everest-TB.jpg" target="_blank"><img loading="lazy" decoding="async" class="alignleft wp-image-204 size-medium" src="http://jochenhemmleb.com/web/wp-content/uploads/2017/02/17b-Geister-des-Mount-Everest-TB-201x300.jpg" width="201" height="300" srcset="https://jochenhemmleb.com/web/wp-content/uploads/2017/02/17b-Geister-des-Mount-Everest-TB-201x300.jpg 201w, https://jochenhemmleb.com/web/wp-content/uploads/2017/02/17b-Geister-des-Mount-Everest-TB-687x1024.jpg 687w, https://jochenhemmleb.com/web/wp-content/uploads/2017/02/17b-Geister-des-Mount-Everest-TB.jpg 727w" sizes="auto, (max-width: 201px) 100vw, 201px" /></a>Aus Rezensionen:</strong></p>
<p><em>&#8220;Dieses Buch stellt die ganze Diskussion um Mallorys und Irvines Schicksal 1924 auf dem Mount Everest auf eine neue Ebene. In detektivischer Kleinarbeit werden Fakten zusammengetragen, zum Teil aus der Literatur und durch Vergleich von Quellen, zum großen Teil aber auch völlig neue Beweise aus der Such- und Forschungsexpedition von 1999. &#8230; Das Buch ist sehr spannend und mitreißend geschrieben, gleichzeitig wissenschaftlich wertvoll. Es bringt sozusagen faktenbasierte Argumentation ohne Emotionen in die Diskussion um dieses Thema ein und setzt damit einen neuen Maßstab. Sehr empfehlenswert.&#8221;</em></p>
<p><em>&#8220;Es liest sich wie ein äußerst spannender Kriminalroman.&#8221; </em></p>

<p>Die Geister des Mount Everest Die Suche nach Mallory &amp; Irvine Im Mai 1999 wurde die Leiche des Bergsteigers George Mallory am Nordhang des Mount Everest gefunden. Fünfundsiebzig Jahre lang hatte sie dort überdauert, festgefroren im Geröll und von Kälte und Höhenstrahlung mumifiziert. Am 8. Juni 1924 war Mallory mit&hellip; <a href="https://jochenhemmleb.com/web/bucher/die-geister-des-mount-everest/" class="more-link read-more" rel="bookmark">Continue Reading <span class="screen-reader-text">Die Geister des Mount Everest</span><i class="fa fa-arrow-right"></i></a></p>
