{"id":468,"date":"2017-04-04T15:33:53","date_gmt":"2017-04-04T15:33:53","guid":{"rendered":"http:\/\/jochenhemmleb.com\/web\/?page_id=468"},"modified":"2017-04-05T18:29:55","modified_gmt":"2017-04-05T18:29:55","slug":"der-ortler-suedtirols-koenig-der-berge","status":"publish","type":"page","link":"https:\/\/jochenhemmleb.com\/web\/filme\/der-ortler-suedtirols-koenig-der-berge\/","title":{"rendered":"Der Ortler &#8211; S\u00fcdtirols K\u00f6nig der Berge"},"content":{"rendered":"<h2>(Servus TV, 2016)<\/h2>\n<h3><span style=\"color: #ff0000;\">Mein Regiedeb\u00fct!<\/span><\/h3>\n<p>Der Ortler. Wie eine eisgepanzerte Burg erhebt sich sein Gipfel aus der grandiosen Gebirgslandschaft im Westen S\u00fcdtirols.<\/p>\n<p>Ortler &#8211; das ist ein Spielfeld f\u00fcr Grenzg\u00e4nger. F\u00fcr den Film durchklettern der S\u00fcdtiroler Bergf\u00fchrer und Profibergsteiger <strong>Christoph Hainz<\/strong>, der Kitzb\u00fchler Extremskifahrer <strong>Axel Naglich <\/strong>und die Gr\u00f6dner Speedriding-Piloten <strong>Armin Senoner <\/strong>und <strong>Guido Senoner<\/strong> die Ortler-Nordwand. W\u00e4hrend die beiden Speedrider anschlie\u00dfend mit Ski und Gleitschirm durch den eisstarrenden Trichter der Wand hinabfliegen, fahren Naglich und Hainz nach dem Gipfel durch die schwindelerregende Minnigerode-Rinne der S\u00fcdwand ab.<\/p>\n<p>Ortler &#8211; das ist Geschichte voller Licht und Schatten. In seinem Museum in Sulden l\u00e4\u00dft Bergsteigerlegende Reinhold Messner die bergsteigerische Erschlie\u00dfung des Ortler Revue passieren. <strong>Olaf Reinstadler<\/strong>, Bergf\u00fchrer aus Sulden und einer der besten Kenner des Ortler, und Geschichtslehrerin <strong>Melanie Platzer<\/strong> aus Schlanders beleuchten das dunkelste Kapitel der Geschichte des Berges &#8211; den Hochgebirgskrieg 1917-18 &#8211; und steigen dazu zu den alten Kriegsschaupl\u00e4tzen im Herzen der Ortlergruppe auf.<\/p>\n<p>Re-Enactments erz\u00e4hlen dar\u00fcber hinaus die Geschichte des \u00f6sterreichischen Milit\u00e4rgeografen und sp\u00e4teren Polarforschers <strong>Julius Payer<\/strong>, der Mitte des 19. Jahrhunderts die Ortlergruppe erstmals kartierte &#8211; und dabei beinahe sein Leben verlor&#8230;<\/p>\n<p>Ortler- das ist auch die Beziehung zwischen Mensch und Natur; ein widerspr\u00fcchliches Wechselspiel zwischen Ausbeutung und Einklang. Im Martelltal, welches f\u00fcr den Film Olaf Reinstadler mit der Skilegende <strong>Gustav Th\u00f6ni<\/strong> durchwandert, findet sich beides: die Geschichte des Zufritt-Stausees zeigt, wie dicht Nutzen und Schaden bei der Z\u00e4hmung des Wassers beieinander liegen k\u00f6nnen, w\u00e4hrend die jahrhundertealten Bew\u00e4sserungssysteme der Waale f\u00fcr eine sanfte Nutzung des Wassers stehen.<\/p>\n<p>Auch im Bergsteigen ging es h\u00e4ufig um die Frage, inwiefern es ein Bezwingen oder einen Einklang mit dem Berg darstellt. Klettern in seiner puristischsten Form demonstriert Christoph Hainz im Schlusskapitel des Films, als er einen 700 Meter hohen Pfeiler in der S\u00fcdwestwand des Ortler vor laufender Kamera erstbegeht &#8211; im seilfreien Alleingang und &#8220;on sight&#8221;, ohne vorherige Kenntnis des Weges&#8230;<\/p>\n<p><strong>Trailer:<\/strong> <u><a href=\"http:\/\/www.servustv.com\/at\/Medien\/Der-Ortler-Suedtirols-Koenig-der-Berge\" target=\"_blank\">http:\/\/www.servustv.com\/at\/Medien\/Der-Ortler-Suedtirols-Koenig-der-Berge<\/a><\/u><\/p>\n<p><u><a href=\"http:\/\/www.servustv.com\/at\/Medien\/Christoph-Hainz-am-Suedwestpfeiler-des-Ortlers\" target=\"_blank\">http:\/\/www.servustv.com\/at\/Medien\/Christoph-Hainz-am-Suedwestpfeiler-des-Ortlers<\/a><\/u><\/p>\n<p><strong>Der gesamte Film in der Servus TV-Mediathek:<\/strong> <u><a href=\"http:\/\/www.servustv.com\/at\/Medien\/Bergwelten58\" target=\"_blank\">http:\/\/www.servustv.com\/at\/Medien\/Bergwelten58<\/a><\/u><\/p>\n","protected":false},"excerpt":{"rendered":"<p>(Servus TV, 2016) Mein Regiedeb\u00fct! Der Ortler. Wie eine eisgepanzerte Burg erhebt sich sein Gipfel aus der grandiosen Gebirgslandschaft im Westen S\u00fcdtirols. Ortler &#8211; das ist ein Spielfeld f\u00fcr Grenzg\u00e4nger. F\u00fcr den Film durchklettern der S\u00fcdtiroler Bergf\u00fchrer und Profibergsteiger Christoph Hainz, der Kitzb\u00fchler Extremskifahrer Axel Naglich und die Gr\u00f6dner Speedriding-Piloten&hellip; <a href=\"https:\/\/jochenhemmleb.com\/web\/filme\/der-ortler-suedtirols-koenig-der-berge\/\" class=\"more-link read-more\" rel=\"bookmark\">Continue Reading <span class=\"screen-reader-text\">Der Ortler &#8211; S\u00fcdtirols K\u00f6nig der Berge<\/span><i class=\"fa fa-arrow-right\"><\/i><\/a><\/p>\n","protected":false},"author":1,"featured_media":0,"parent":7,"menu_order":1,"comment_status":"closed","ping_status":"closed","template":"","meta":{"footnotes":""},"class_list":{"0":"post-468","1":"page","2":"type-page","3":"status-publish","4":"hentry","5":"h-entry","7":"h-as-page"},"_links":{"self":[{"href":"https:\/\/jochenhemmleb.com\/web\/wp-json\/wp\/v2\/pages\/468","targetHints":{"allow":["GET"]}}],"collection":[{"href":"https:\/\/jochenhemmleb.com\/web\/wp-json\/wp\/v2\/pages"}],"about":[{"href":"https:\/\/jochenhemmleb.com\/web\/wp-json\/wp\/v2\/types\/page"}],"author":[{"embeddable":true,"href":"https:\/\/jochenhemmleb.com\/web\/wp-json\/wp\/v2\/users\/1"}],"replies":[{"embeddable":true,"href":"https:\/\/jochenhemmleb.com\/web\/wp-json\/wp\/v2\/comments?post=468"}],"version-history":[{"count":2,"href":"https:\/\/jochenhemmleb.com\/web\/wp-json\/wp\/v2\/pages\/468\/revisions"}],"predecessor-version":[{"id":627,"href":"https:\/\/jochenhemmleb.com\/web\/wp-json\/wp\/v2\/pages\/468\/revisions\/627"}],"up":[{"embeddable":true,"href":"https:\/\/jochenhemmleb.com\/web\/wp-json\/wp\/v2\/pages\/7"}],"wp:attachment":[{"href":"https:\/\/jochenhemmleb.com\/web\/wp-json\/wp\/v2\/media?parent=468"}],"curies":[{"name":"wp","href":"https:\/\/api.w.org\/{rel}","templated":true}]}}

Der Ortler &#8211; Südtirols König der Berge

<h2>(Servus TV, 2016)</h2>
<h3><span style="color: #ff0000;">Mein Regiedebüt!</span></h3>
<p>Der Ortler. Wie eine eisgepanzerte Burg erhebt sich sein Gipfel aus der grandiosen Gebirgslandschaft im Westen Südtirols.</p>
<p>Ortler &#8211; das ist ein Spielfeld für Grenzgänger. Für den Film durchklettern der Südtiroler Bergführer und Profibergsteiger <strong>Christoph Hainz</strong>, der Kitzbühler Extremskifahrer <strong>Axel Naglich </strong>und die Grödner Speedriding-Piloten <strong>Armin Senoner </strong>und <strong>Guido Senoner</strong> die Ortler-Nordwand. Während die beiden Speedrider anschließend mit Ski und Gleitschirm durch den eisstarrenden Trichter der Wand hinabfliegen, fahren Naglich und Hainz nach dem Gipfel durch die schwindelerregende Minnigerode-Rinne der Südwand ab.</p>
<p>Ortler &#8211; das ist Geschichte voller Licht und Schatten. In seinem Museum in Sulden läßt Bergsteigerlegende Reinhold Messner die bergsteigerische Erschließung des Ortler Revue passieren. <strong>Olaf Reinstadler</strong>, Bergführer aus Sulden und einer der besten Kenner des Ortler, und Geschichtslehrerin <strong>Melanie Platzer</strong> aus Schlanders beleuchten das dunkelste Kapitel der Geschichte des Berges &#8211; den Hochgebirgskrieg 1917-18 &#8211; und steigen dazu zu den alten Kriegsschauplätzen im Herzen der Ortlergruppe auf.</p>
<p>Re-Enactments erzählen darüber hinaus die Geschichte des österreichischen Militärgeografen und späteren Polarforschers <strong>Julius Payer</strong>, der Mitte des 19. Jahrhunderts die Ortlergruppe erstmals kartierte &#8211; und dabei beinahe sein Leben verlor&#8230;</p>
<p>Ortler- das ist auch die Beziehung zwischen Mensch und Natur; ein widersprüchliches Wechselspiel zwischen Ausbeutung und Einklang. Im Martelltal, welches für den Film Olaf Reinstadler mit der Skilegende <strong>Gustav Thöni</strong> durchwandert, findet sich beides: die Geschichte des Zufritt-Stausees zeigt, wie dicht Nutzen und Schaden bei der Zähmung des Wassers beieinander liegen können, während die jahrhundertealten Bewässerungssysteme der Waale für eine sanfte Nutzung des Wassers stehen.</p>
<p>Auch im Bergsteigen ging es häufig um die Frage, inwiefern es ein Bezwingen oder einen Einklang mit dem Berg darstellt. Klettern in seiner puristischsten Form demonstriert Christoph Hainz im Schlusskapitel des Films, als er einen 700 Meter hohen Pfeiler in der Südwestwand des Ortler vor laufender Kamera erstbegeht &#8211; im seilfreien Alleingang und &#8220;on sight&#8221;, ohne vorherige Kenntnis des Weges&#8230;</p>
<p><strong>Trailer:</strong> <u><a href="http://www.servustv.com/at/Medien/Der-Ortler-Suedtirols-Koenig-der-Berge" target="_blank">http://www.servustv.com/at/Medien/Der-Ortler-Suedtirols-Koenig-der-Berge</a></u></p>
<p><u><a href="http://www.servustv.com/at/Medien/Christoph-Hainz-am-Suedwestpfeiler-des-Ortlers" target="_blank">http://www.servustv.com/at/Medien/Christoph-Hainz-am-Suedwestpfeiler-des-Ortlers</a></u></p>
<p><strong>Der gesamte Film in der Servus TV-Mediathek:</strong> <u><a href="http://www.servustv.com/at/Medien/Bergwelten58" target="_blank">http://www.servustv.com/at/Medien/Bergwelten58</a></u></p>

<p>(Servus TV, 2016) Mein Regiedebüt! Der Ortler. Wie eine eisgepanzerte Burg erhebt sich sein Gipfel aus der grandiosen Gebirgslandschaft im Westen Südtirols. Ortler &#8211; das ist ein Spielfeld für Grenzgänger. Für den Film durchklettern der Südtiroler Bergführer und Profibergsteiger Christoph Hainz, der Kitzbühler Extremskifahrer Axel Naglich und die Grödner Speedriding-Piloten&hellip; <a href="https://jochenhemmleb.com/web/filme/der-ortler-suedtirols-koenig-der-berge/" class="more-link read-more" rel="bookmark">Continue Reading <span class="screen-reader-text">Der Ortler &#8211; Südtirols König der Berge</span><i class="fa fa-arrow-right"></i></a></p>
