{"id":470,"date":"2017-04-04T15:37:29","date_gmt":"2017-04-04T15:37:29","guid":{"rendered":"http:\/\/jochenhemmleb.com\/web\/?page_id=470"},"modified":"2017-04-04T16:18:42","modified_gmt":"2017-04-04T16:18:42","slug":"matterhorn-vom-mythos-zur-marke","status":"publish","type":"page","link":"https:\/\/jochenhemmleb.com\/web\/filme\/matterhorn-vom-mythos-zur-marke\/","title":{"rendered":"Matterhorn &#8211; Vom Mythos zur Marke"},"content":{"rendered":"<h2>(Servus TV, 2015)<\/h2>\n<p>Es ist der ideale Berg, der Toblerone-Berg &#8211; ein Berg, so wie Kinder ihn zeichnen w\u00fcrden: Das Matterhorn. Der bekannteste Berg der Alpen, vielleicht der ganzen Welt. Und es ist weit mehr als ein Berg: Eine Marke, ein Mythos, ein Symbol &#8211; f\u00fcr die Landschaft Alpen wie f\u00fcr das Bergsteigen.<\/p>\n<p>Zum 150. Jubil\u00e4um seiner Erstbesteigung 1865 n\u00e4hert sich der Film dem Faszinosum Matterhorn und den Menschen, die an seinem Fu\u00df leben und vom Berg gepr\u00e4gt werden, von seinen beiden ganz unterschiedlichen Seiten: Auf der Nordseite, im schweizerischen Zermatt, ist der Berg allgegenw\u00e4rtig &#8211; in einem eigenen Museum, in unz\u00e4hligen Produkten, auf zahllosen Fotos und Bildern. F\u00fcr <strong>Michi<\/strong> und <strong>Urs Lerjen<\/strong>, Bergf\u00fchrer in 6. bzw. 5. Generation, ist es ihr Hausberg, den sie hunderte Male auf verschiedensten Routen bestiegen haben. Im italienischen Valtournanche auf der S\u00fcdseite begleitet der Film ein anderes Vater-Sohn-Gespann: <strong>Marco <\/strong>und <strong>Herv\u00e9 Barmasse<\/strong>, beide Matterhorn-Pioniere ihrer Generation, die in der gewaltigen S\u00fcdwand immer wieder Neuland fanden &#8211; bis heute, wie die spektakul\u00e4ren Bilder von Herv\u00e9s Allein-Erstbegehung einer neuen Route durch die S\u00fcdostwand zeigen.<\/p>\n<p>Michi Lerjens Gro\u00dfmutter hat zu dem Berg dagegen eine ganz andere pers\u00f6nliche Verbindung: das Matterhorn war ihre Verlobungstour. Und so f\u00fchrt am Ende des Films ihr Enkel seine argentinische Verlobte Maria ebenfalls auf das Wahrzeichen von Zermatt&#8230;<\/p>\n<p><span style=\"color: #ff0000;\">noch kein Trailer\/Film verf\u00fcgbar<\/span><\/p>\n","protected":false},"excerpt":{"rendered":"<p>(Servus TV, 2015) Es ist der ideale Berg, der Toblerone-Berg &#8211; ein Berg, so wie Kinder ihn zeichnen w\u00fcrden: Das Matterhorn. Der bekannteste Berg der Alpen, vielleicht der ganzen Welt. Und es ist weit mehr als ein Berg: Eine Marke, ein Mythos, ein Symbol &#8211; f\u00fcr die Landschaft Alpen wie&hellip; <a href=\"https:\/\/jochenhemmleb.com\/web\/filme\/matterhorn-vom-mythos-zur-marke\/\" class=\"more-link read-more\" rel=\"bookmark\">Continue Reading <span class=\"screen-reader-text\">Matterhorn &#8211; Vom Mythos zur Marke<\/span><i class=\"fa fa-arrow-right\"><\/i><\/a><\/p>\n","protected":false},"author":1,"featured_media":0,"parent":7,"menu_order":2,"comment_status":"closed","ping_status":"closed","template":"","meta":{"footnotes":""},"class_list":{"0":"post-470","1":"page","2":"type-page","3":"status-publish","4":"hentry","5":"h-entry","7":"h-as-page"},"_links":{"self":[{"href":"https:\/\/jochenhemmleb.com\/web\/wp-json\/wp\/v2\/pages\/470","targetHints":{"allow":["GET"]}}],"collection":[{"href":"https:\/\/jochenhemmleb.com\/web\/wp-json\/wp\/v2\/pages"}],"about":[{"href":"https:\/\/jochenhemmleb.com\/web\/wp-json\/wp\/v2\/types\/page"}],"author":[{"embeddable":true,"href":"https:\/\/jochenhemmleb.com\/web\/wp-json\/wp\/v2\/users\/1"}],"replies":[{"embeddable":true,"href":"https:\/\/jochenhemmleb.com\/web\/wp-json\/wp\/v2\/comments?post=470"}],"version-history":[{"count":1,"href":"https:\/\/jochenhemmleb.com\/web\/wp-json\/wp\/v2\/pages\/470\/revisions"}],"predecessor-version":[{"id":471,"href":"https:\/\/jochenhemmleb.com\/web\/wp-json\/wp\/v2\/pages\/470\/revisions\/471"}],"up":[{"embeddable":true,"href":"https:\/\/jochenhemmleb.com\/web\/wp-json\/wp\/v2\/pages\/7"}],"wp:attachment":[{"href":"https:\/\/jochenhemmleb.com\/web\/wp-json\/wp\/v2\/media?parent=470"}],"curies":[{"name":"wp","href":"https:\/\/api.w.org\/{rel}","templated":true}]}}