{"id":472,"date":"2017-04-04T15:42:03","date_gmt":"2017-04-04T15:42:03","guid":{"rendered":"http:\/\/jochenhemmleb.com\/web\/?page_id=472"},"modified":"2017-04-04T16:18:50","modified_gmt":"2017-04-04T16:18:50","slug":"peter-ressmann-eine-widmung","status":"publish","type":"page","link":"https:\/\/jochenhemmleb.com\/web\/filme\/peter-ressmann-eine-widmung\/","title":{"rendered":"Peter Ressmann &#8211; Eine Widmung"},"content":{"rendered":"<h2>(Servus TV, 2013)<\/h2>\n<p><em>&#8220;&#8230; ruhig, unpret\u00e4nti\u00f6s &#8211; jemand, der sagte, was er dachte, tat, was er sagte, und dabei weder zu viele noch zu wenige Worte verlor.&#8221; <\/em><\/p>\n<p>Dies schrieb ich 2007 \u00fcber den Kitzb\u00fcheler Peter &#8220;Resl&#8221; Ressmann, nachdem ich mit ihm auf einer Expedition zum Broad Peak in Pakistan unterwegs gewesen war. Drei Jahre sp\u00e4ter, im Mai 2010, verungl\u00fcckte Resl bei einer routinem\u00e4\u00dfigen Abseil\u00fcbung im Salzburger Land t\u00f6dlich.<\/p>\n<p>Zu Resls 50. Geburtstag und 5. Todestag produzierte Gerald Salmina ein ber\u00fchrendes Portr\u00e4t, in dem sich Angeh\u00f6rige, Freunde und Bergpartner wie Axel Naglich an diesen bemerkenswerten Menschen erinnern, der f\u00fcr alle, die ihn kannten und sch\u00e4tzten, eine stille Legende bleibt.<\/p>\n<p><strong>In der Servus TV-Mediathek:<\/strong> <a href=\"http:\/\/www.servustv.com\/at\/Medien\/Bergwelten-Peter-Ressmann\" target=\"_blank\">http:\/\/www.servustv.com\/at\/Medien\/Bergwelten-Peter-Ressmann<\/a><\/p>\n","protected":false},"excerpt":{"rendered":"<p>(Servus TV, 2013) &#8220;&#8230; ruhig, unpret\u00e4nti\u00f6s &#8211; jemand, der sagte, was er dachte, tat, was er sagte, und dabei weder zu viele noch zu wenige Worte verlor.&#8221; Dies schrieb ich 2007 \u00fcber den Kitzb\u00fcheler Peter &#8220;Resl&#8221; Ressmann, nachdem ich mit ihm auf einer Expedition zum Broad Peak in Pakistan unterwegs&hellip; <a href=\"https:\/\/jochenhemmleb.com\/web\/filme\/peter-ressmann-eine-widmung\/\" class=\"more-link read-more\" rel=\"bookmark\">Continue Reading <span class=\"screen-reader-text\">Peter Ressmann &#8211; Eine Widmung<\/span><i class=\"fa fa-arrow-right\"><\/i><\/a><\/p>\n","protected":false},"author":1,"featured_media":0,"parent":7,"menu_order":3,"comment_status":"closed","ping_status":"closed","template":"","meta":{"footnotes":""},"class_list":{"0":"post-472","1":"page","2":"type-page","3":"status-publish","4":"hentry","5":"h-entry","7":"h-as-page"},"_links":{"self":[{"href":"https:\/\/jochenhemmleb.com\/web\/wp-json\/wp\/v2\/pages\/472","targetHints":{"allow":["GET"]}}],"collection":[{"href":"https:\/\/jochenhemmleb.com\/web\/wp-json\/wp\/v2\/pages"}],"about":[{"href":"https:\/\/jochenhemmleb.com\/web\/wp-json\/wp\/v2\/types\/page"}],"author":[{"embeddable":true,"href":"https:\/\/jochenhemmleb.com\/web\/wp-json\/wp\/v2\/users\/1"}],"replies":[{"embeddable":true,"href":"https:\/\/jochenhemmleb.com\/web\/wp-json\/wp\/v2\/comments?post=472"}],"version-history":[{"count":1,"href":"https:\/\/jochenhemmleb.com\/web\/wp-json\/wp\/v2\/pages\/472\/revisions"}],"predecessor-version":[{"id":473,"href":"https:\/\/jochenhemmleb.com\/web\/wp-json\/wp\/v2\/pages\/472\/revisions\/473"}],"up":[{"embeddable":true,"href":"https:\/\/jochenhemmleb.com\/web\/wp-json\/wp\/v2\/pages\/7"}],"wp:attachment":[{"href":"https:\/\/jochenhemmleb.com\/web\/wp-json\/wp\/v2\/media?parent=472"}],"curies":[{"name":"wp","href":"https:\/\/api.w.org\/{rel}","templated":true}]}}

<h2>(Servus TV, 2013)</h2>
<p><em>&#8220;&#8230; ruhig, unpretäntiös &#8211; jemand, der sagte, was er dachte, tat, was er sagte, und dabei weder zu viele noch zu wenige Worte verlor.&#8221; </em></p>
<p>Dies schrieb ich 2007 über den Kitzbüheler Peter &#8220;Resl&#8221; Ressmann, nachdem ich mit ihm auf einer Expedition zum Broad Peak in Pakistan unterwegs gewesen war. Drei Jahre später, im Mai 2010, verunglückte Resl bei einer routinemäßigen Abseilübung im Salzburger Land tödlich.</p>
<p>Zu Resls 50. Geburtstag und 5. Todestag produzierte Gerald Salmina ein berührendes Porträt, in dem sich Angehörige, Freunde und Bergpartner wie Axel Naglich an diesen bemerkenswerten Menschen erinnern, der für alle, die ihn kannten und schätzten, eine stille Legende bleibt.</p>
<p><strong>In der Servus TV-Mediathek:</strong> <a href="http://www.servustv.com/at/Medien/Bergwelten-Peter-Ressmann" target="_blank">http://www.servustv.com/at/Medien/Bergwelten-Peter-Ressmann</a></p>

<p>(Servus TV, 2013) &#8220;&#8230; ruhig, unpretäntiös &#8211; jemand, der sagte, was er dachte, tat, was er sagte, und dabei weder zu viele noch zu wenige Worte verlor.&#8221; Dies schrieb ich 2007 über den Kitzbüheler Peter &#8220;Resl&#8221; Ressmann, nachdem ich mit ihm auf einer Expedition zum Broad Peak in Pakistan unterwegs&hellip; <a href="https://jochenhemmleb.com/web/filme/peter-ressmann-eine-widmung/" class="more-link read-more" rel="bookmark">Continue Reading <span class="screen-reader-text">Peter Ressmann &#8211; Eine Widmung</span><i class="fa fa-arrow-right"></i></a></p>
