{"id":479,"date":"2017-04-04T15:58:36","date_gmt":"2017-04-04T15:58:36","guid":{"rendered":"http:\/\/jochenhemmleb.com\/web\/?page_id=479"},"modified":"2017-04-04T16:19:13","modified_gmt":"2017-04-04T16:19:13","slug":"erster-auf-dem-everest","status":"publish","type":"page","link":"https:\/\/jochenhemmleb.com\/web\/filme\/erster-auf-dem-everest\/","title":{"rendered":"Erster auf dem Everest"},"content":{"rendered":"<h2>(ORF Universum, 2010)<\/h2>\n<h3><span style=\"color: #ff0000;\">Ausgezeichnet mit dem Grand Prix Bansko Mountain Filmfestival 2011<\/span><\/h3>\n<p><strong>Regie:<\/strong> <em>Gerald Salmina<\/em><br \/>\n<strong>Buch:<\/strong> <em>Jochen Hemmleb &amp; Gerald Salmina<\/em><br \/>\n<strong>Produzenten:<\/strong> <em>Nikolaus Wisiak (preTV) &amp; Bernd Wilting (Taglicht Media)<\/em><\/p>\n<p>Gut Ding will Weile haben &#8230; Die urspr\u00fcngliche Idee zu diesem Film stammte von dem deutschen Produzenten und Regisseur <strong>Christoph Weber <\/strong>(Taglicht Media, K\u00f6ln), der damit ca. 2004\/2005 &#8211; es ist schon so lange her! &#8211; auf mich zukam. Jahrelang bem\u00fchten sich er und Gesch\u00e4ftsf\u00fchrer Bernd Wilting unersch\u00fctterlich um die Finanzierung des Projektes. 2007 erm\u00f6glichte es mir und dem damaligen Co-Produzenten Werner Vennewald eine denkw\u00fcrdige Recherchereise nach Beijing, bei der wir dokumentarisch einmalige Interviews mit chinesischen Bergsteigern aus den 1960er- und 1970er-Jahren f\u00fchren konnten. Die Ereignisse um und nach dem olympischen Fackellauf am Everest 2008\/2009 vereitelten dann zweimal eine Expedition, bevor diese dann schlie\u00dflich 2010 dank der Beteiligung der \u00f6sterreichischen Produktionsfirma preTV (Wien\/Graz) durchgef\u00fchrt werden konnte.<\/p>\n<p>Zwar blieb die Suche nach Andrew Irvine und der L\u00f6sung des R\u00e4tsels um die Erstbesteigung des Mount Everest schlussendlich erfolglos. Doch dank Regisseur <strong>Gerald Salmina<\/strong>, Kameramann <strong>G\u00fcnther G\u00f6berl <\/strong>und dem Bergsteigerteam (Sepp Bachmair, Volker Holzner, Theo Fritsche und Axel Naglich), entstand ein Film, der in einzigartiger Weise die forensische Arbeit am &#8220;Fall Mallory &amp; Irvine&#8221; dokumentiert, den Bogen spannt von der dramatischen Geschichte der ersten Besteigungsversuche bis zum heutigen &#8220;Zirkus&#8221; am h\u00f6chsten Berg der Welt, und die Atmosph\u00e4re des Mount Everest in atemberaubenden Landschaftsaufnahmen einf\u00e4ngt. Es war der Film, den ich seit meiner Teilnahme an der &#8220;Mallory &amp; Irvine Research Expedition 1999&#8221; umgesetzt sehen wollte&#8230;<\/p>\n<p><strong>Trailer:<\/strong> \u00a0<a href=\"https:\/\/www.youtube.com\/watch?v=nzVzmICDi2w\" target=\"_blank\">https:\/\/www.youtube.com\/watch?v=nzVzmICDi2w<\/a><\/p>\n<p>Vom Film entstanden verschiedene Versionen mit teils unterschiedlichen inhaltlichen Schwerpunkten:<br \/>\n<strong>Die Version von ARTE:<\/strong> <a href=\"https:\/\/www.youtube.com\/watch?v=w7ECZOw0UpA\" target=\"_blank\">https:\/\/www.youtube.com\/watch?v=w7ECZOw0UpA<\/a><\/p>\n","protected":false},"excerpt":{"rendered":"<p>(ORF Universum, 2010) Ausgezeichnet mit dem Grand Prix Bansko Mountain Filmfestival 2011 Regie: Gerald Salmina Buch: Jochen Hemmleb &amp; Gerald Salmina Produzenten: Nikolaus Wisiak (preTV) &amp; Bernd Wilting (Taglicht Media) Gut Ding will Weile haben &#8230; Die urspr\u00fcngliche Idee zu diesem Film stammte von dem deutschen Produzenten und Regisseur Christoph&hellip; <a href=\"https:\/\/jochenhemmleb.com\/web\/filme\/erster-auf-dem-everest\/\" class=\"more-link read-more\" rel=\"bookmark\">Continue Reading <span class=\"screen-reader-text\">Erster auf dem Everest<\/span><i class=\"fa fa-arrow-right\"><\/i><\/a><\/p>\n","protected":false},"author":1,"featured_media":0,"parent":7,"menu_order":6,"comment_status":"closed","ping_status":"closed","template":"","meta":{"footnotes":""},"class_list":{"0":"post-479","1":"page","2":"type-page","3":"status-publish","4":"hentry","5":"h-entry","7":"h-as-page"},"_links":{"self":[{"href":"https:\/\/jochenhemmleb.com\/web\/wp-json\/wp\/v2\/pages\/479","targetHints":{"allow":["GET"]}}],"collection":[{"href":"https:\/\/jochenhemmleb.com\/web\/wp-json\/wp\/v2\/pages"}],"about":[{"href":"https:\/\/jochenhemmleb.com\/web\/wp-json\/wp\/v2\/types\/page"}],"author":[{"embeddable":true,"href":"https:\/\/jochenhemmleb.com\/web\/wp-json\/wp\/v2\/users\/1"}],"replies":[{"embeddable":true,"href":"https:\/\/jochenhemmleb.com\/web\/wp-json\/wp\/v2\/comments?post=479"}],"version-history":[{"count":1,"href":"https:\/\/jochenhemmleb.com\/web\/wp-json\/wp\/v2\/pages\/479\/revisions"}],"predecessor-version":[{"id":480,"href":"https:\/\/jochenhemmleb.com\/web\/wp-json\/wp\/v2\/pages\/479\/revisions\/480"}],"up":[{"embeddable":true,"href":"https:\/\/jochenhemmleb.com\/web\/wp-json\/wp\/v2\/pages\/7"}],"wp:attachment":[{"href":"https:\/\/jochenhemmleb.com\/web\/wp-json\/wp\/v2\/media?parent=479"}],"curies":[{"name":"wp","href":"https:\/\/api.w.org\/{rel}","templated":true}]}}

<h2>(ORF Universum, 2010)</h2>
<h3><span style="color: #ff0000;">Ausgezeichnet mit dem Grand Prix Bansko Mountain Filmfestival 2011</span></h3>
<p><strong>Regie:</strong> <em>Gerald Salmina</em><br />
<strong>Buch:</strong> <em>Jochen Hemmleb &amp; Gerald Salmina</em><br />
<strong>Produzenten:</strong> <em>Nikolaus Wisiak (preTV) &amp; Bernd Wilting (Taglicht Media)</em></p>
<p>Gut Ding will Weile haben &#8230; Die ursprüngliche Idee zu diesem Film stammte von dem deutschen Produzenten und Regisseur <strong>Christoph Weber </strong>(Taglicht Media, Köln), der damit ca. 2004/2005 &#8211; es ist schon so lange her! &#8211; auf mich zukam. Jahrelang bemühten sich er und Geschäftsführer Bernd Wilting unerschütterlich um die Finanzierung des Projektes. 2007 ermöglichte es mir und dem damaligen Co-Produzenten Werner Vennewald eine denkwürdige Recherchereise nach Beijing, bei der wir dokumentarisch einmalige Interviews mit chinesischen Bergsteigern aus den 1960er- und 1970er-Jahren führen konnten. Die Ereignisse um und nach dem olympischen Fackellauf am Everest 2008/2009 vereitelten dann zweimal eine Expedition, bevor diese dann schließlich 2010 dank der Beteiligung der österreichischen Produktionsfirma preTV (Wien/Graz) durchgeführt werden konnte.</p>
<p>Zwar blieb die Suche nach Andrew Irvine und der Lösung des Rätsels um die Erstbesteigung des Mount Everest schlussendlich erfolglos. Doch dank Regisseur <strong>Gerald Salmina</strong>, Kameramann <strong>Günther Göberl </strong>und dem Bergsteigerteam (Sepp Bachmair, Volker Holzner, Theo Fritsche und Axel Naglich), entstand ein Film, der in einzigartiger Weise die forensische Arbeit am &#8220;Fall Mallory &amp; Irvine&#8221; dokumentiert, den Bogen spannt von der dramatischen Geschichte der ersten Besteigungsversuche bis zum heutigen &#8220;Zirkus&#8221; am höchsten Berg der Welt, und die Atmosphäre des Mount Everest in atemberaubenden Landschaftsaufnahmen einfängt. Es war der Film, den ich seit meiner Teilnahme an der &#8220;Mallory &amp; Irvine Research Expedition 1999&#8221; umgesetzt sehen wollte&#8230;</p>
<p><strong>Trailer:</strong>  <a href="https://www.youtube.com/watch?v=nzVzmICDi2w" target="_blank">https://www.youtube.com/watch?v=nzVzmICDi2w</a></p>
<p>Vom Film entstanden verschiedene Versionen mit teils unterschiedlichen inhaltlichen Schwerpunkten:<br />
<strong>Die Version von ARTE:</strong> <a href="https://www.youtube.com/watch?v=w7ECZOw0UpA" target="_blank">https://www.youtube.com/watch?v=w7ECZOw0UpA</a></p>

<p>(ORF Universum, 2010) Ausgezeichnet mit dem Grand Prix Bansko Mountain Filmfestival 2011 Regie: Gerald Salmina Buch: Jochen Hemmleb &amp; Gerald Salmina Produzenten: Nikolaus Wisiak (preTV) &amp; Bernd Wilting (Taglicht Media) Gut Ding will Weile haben &#8230; Die ursprüngliche Idee zu diesem Film stammte von dem deutschen Produzenten und Regisseur Christoph&hellip; <a href="https://jochenhemmleb.com/web/filme/erster-auf-dem-everest/" class="more-link read-more" rel="bookmark">Continue Reading <span class="screen-reader-text">Erster auf dem Everest</span><i class="fa fa-arrow-right"></i></a></p>
