{"id":669,"date":"2018-11-16T17:38:33","date_gmt":"2018-11-16T17:38:33","guid":{"rendered":"https:\/\/jochenhemmleb.com\/web\/?page_id=669"},"modified":"2024-06-10T16:02:52","modified_gmt":"2024-06-10T16:02:52","slug":"references","status":"publish","type":"page","link":"https:\/\/jochenhemmleb.com\/web\/en\/references\/","title":{"rendered":"References"},"content":{"rendered":"\n<h2 class=\"wp-block-heading\">Books<\/h2>\n\n\n\n<h3 class=\"wp-block-heading\">As author, co-author, editor and book designer:<\/h3>\n\n\n\n<p><strong>Eiger \u2013 Querg\u00e4nge und Abgr\u00fcnde<\/strong><br>(Rainer Rettner, book design by Jochen Hemmleb)<br>Rimpar: Rainer Rettner self-publishing, 2022<\/p>\n\n\n\n<p><strong>Berg steil! \u2013 Meine Erstbegehungen zum Nachklettern<\/strong><br>(Christoph Hainz, with Jochen Hemmleb)<br>Bozen: Raetia, 2022<\/p>\n\n\n\n<p><strong>Passion Eiger \u2013 Legend\u00e4re Routen damals und heute<\/strong><br>(Roger Sch\u00e4li, with Rainer Rettner &amp; Jochen Hemmleb)<br>Ziegelbr\u00fccke: AS Verlag, 2020<\/p>\n\n\n\n<p><strong>Nur der Berg ist mein Boss \u2013 Das Leben des S\u00fcdtiroler Extremkletterers und<br>Bergf\u00fchrers<\/strong><br>(Christoph Hainz, with Jochen Hemmleb)<br>Innsbruck: Tyrolia-Verlag, 2019<\/p>\n\n\n\n<p><strong>Extreme Eiger \u2013 The Race to climb the direct route up the North Face of the Eiger<\/strong><br>(Peter &amp; Leni Gillman, with Jochen Hemmleb)<br>London: Simon &amp; Schuster, 2015<\/p>\n\n\n\n<p><strong>Gerfried G\u00f6schl \u2013 Spuren f\u00fcr die Ewigkeit<\/strong><br>(with Heike G\u00f6schl-Gr\u00fcnwald)<br>Wien: Egoth-Verlag, 2014<\/p>\n\n\n\n<p><strong>Nanga Parbat 1970 \u2013 Tragedy and Controversy<\/strong><br>(with Richard Sale)<br>Ross-on-Wye: Carreg, 2014<\/p>\n\n\n\n<p><strong>Austria 8000 \u2013 \u00d6sterreichische Alpinisten auf den h\u00f6chsten Gipfeln der Welt<\/strong><br>Innsbruck: Tyrolia-Verlag 2013<\/p>\n\n\n\n<p><strong>Nanga Parbat \u2013 Das Drama 1970 und die Kontroverse. Wie die Messner-Trag\u00f6die zum gr\u00f6\u00dften Streitfall in der Alpingeschichte wurde<\/strong><br>Innsbruck: Tyrolia-Verlag, 2010<\/p>\n\n\n\n<p><strong>Tatort Mount Everest: Der Fall Mallory \u2013 Neue Fakten und Hintergr\u00fcnde<\/strong><br>M\u00fcnchen: F.A. Herbig\/Terra Magica, 2009<\/p>\n\n\n\n<p><strong>Broad Peak, Traum und Albtraum \u2013 Auf den Spuren von Hermann Buhls letzter Expedition<\/strong><br>Innsbruck: Tyrolia-Verlag, 2007<\/p>\n\n\n\n<p><strong>Mount Everest-Spurensuche in eisigen H\u00f6hen<\/strong><br>(author: Maja Nielsen, consultant: Jochen Hemmleb)<br>Hildesheim: Gerstenberg-Verlag, 2006<\/p>\n\n\n\n<p><strong>Everest \u2013 G\u00f6ttinmutter der Erde<\/strong><br>Z\u00fcrich: AS-Verlag, 2002<\/p>\n\n\n\n<p><strong>Detectives on Everest \u2013 The 2001 Mallory &amp; Irvine Research Expedition<\/strong><br>(with mit E.R. Simonson),<br>Seattle (USA): The Mountaineers Books, 2002<\/p>\n\n\n\n<p><strong>Ghosts of Everest \u2013 The Search for Mallory &amp; Irvine<\/strong><br>(with L.A. Johnson, E.R. Simonson, as told to W.E. Nothdurft),<br>Seattle (USA): The Mountaineers Books, 1999<\/p>\n\n\n\n<h3 class=\"wp-block-heading\">As translator:<\/h3>\n\n\n\n<p><strong>Zwei auf dem Everest \u2013 Ein gemeinsamer Traum<\/strong><br>(authors: Uma Krishnaswami &amp; Christopher Corr; translation and editing: Jochen Hemmleb)<br>Innsbruck: Tyrolia-Verlag, 2023<\/p>\n\n\n\n<p><strong>Winter 8000<\/strong><br>(author: Bernadette McDonald; translation and editing: Jochen Hemmleb)<br>Ziegelbr\u00fccke: AS Verlag, 2022<\/p>\n\n\n\n<p><strong>Besser Tiger als Schaf \u2013 Alex MacIntyre und die Geburt des Alpinstils im Himalaya<\/strong><br>(author: John Porter; translation and editing: Jochen Hemmleb)<br>Innsbruck: Tyrolia-Verlag, 2016<\/p>\n\n\n\n<p><strong>Eiger Extrem \u2013 Das Rennen um die Nordwand-Direttissima<\/strong><br>(authors: Peter &amp; Leni Gillman, translation and editing: Jochen Hemmleb)<br>Z\u00fcrich: AS-Verlag, 2016<\/p>\n\n\n\n<p><strong>Courage \u2013 Im Schatten des Nanga Parbat 1934. Die wahre Geschichte des Bergsteigers Hermann Hoerlin und einer lebensgef\u00e4hrlichen Liebe.<\/strong><br>(author: Bettina Hoerlin, translation and editing: Jochen Hemmleb)<br>Innsbruck: Tyrolia-Verlag 2014<\/p>\n\n\n\n<p><strong>Herausforderung 8000er. Die h\u00f6chsten Berge der Welt im 21. Jahrhundert \u2013 Menschen, Mythen, Meilensteine<\/strong><br>(authors: Richard Sale, George Rodway &amp; Eberhard Jurgalski, editor and translator: Jochen Hemmleb)<br>Innsbruck: Tyrolia-Verlag 2013<\/p>\n\n\n\n<p><strong>Illustrierter Atlas des Himalaya<\/strong><br>(authors: David Zurick &amp; Julsun Pacheco, translation and editing: Jochen Hemmleb)<br>Z\u00fcrich: AS-Verlag, 2007<\/p>\n\n\n\n<h2 class=\"wp-block-heading\">Selected articles<\/h2>\n\n\n\n<p><em>Because of the numbers of published articles this selection will only be occasionally updated in the future. For example, since 2021 articles of mine on mountaineering history have regularly appeared in the German climbing magazine <strong>Der Bergsteiger<\/strong>, like<\/em><\/p>\n\n\n\n<p><strong>\u201eDas Jahrhundert-R\u00e4tsel\u201c<\/strong> (100th anniversary of Mallory &amp; Irvine on Everest)<br>Der Bergsteiger, 06\/2024<\/p>\n\n\n\n<p><em>In addition I have regularly published essays in the annual journal of the German, Austrian &amp;<br>South Tyrolean Alpine Club (Alpenvereinsjahrbuch des DAV, \u00d6AV &amp; AVS):<\/em><\/p>\n\n\n\n<p><strong>\u201eSo einfach ist das. Was Zolt\u00e1n Demj\u00e1n am Dhaulagiri \u00fcber das innere Gef\u00fchl lernte\u201c<\/strong><br>Alpenvereinsjahrbuch BERG 2024<\/p>\n\n\n\n<p><strong>\u201eWeil er f\u00fcr mich da ist: Everest \u2013 ein pers\u00f6nlicher Pilgerweg\u201c<\/strong><br>Alpenvereinsjahrbuch BERG 2023<\/p>\n\n\n\n<p><strong>\u201eDer geborene Gigant: Einblicke in eine lebendige Berglandschaft\u201c<\/strong> (Ortler) und <strong>\u201eWelten in einem Tal: Wanderungen in Ulten\u201c<\/strong><br>Alpenvereinsjahrbuch BERG 2022<\/p>\n\n\n\n<p><strong>\u201eThe Many Faces of one Face \u2013 The Eiger Direct, Fifty Years on\u201c<\/strong><br>ALPINIST 56, Winter 2016<\/p>\n\n\n\n<p><strong>\u201eRiss in der Geschichte\u201c<\/strong><br>(revision of the John Harlin Climb 50 years after)<br>Der Bergsteiger, 3\/2016<\/p>\n\n\n\n<p><strong>\u201eDas geheime Leben eines Steuerbeamten\u201c<\/strong><br>(portrait of British climber extraordinaire Mick Fowler)<br>Alpenvereinsjahrbuch BERG 2016<\/p>\n\n\n\n<p><strong>\u201eWir z\u00e4hlen m\u00f6glicherweise zu den erfolgreichsten erfolglosen Seilschaften der Welt\u201c<\/strong><br>(Interview with Sandy Allan, first ascensionist of Nanga Parbat\u2018s Mazeno Ridge)<\/p>\n\n\n\n<p><em>and<\/em><\/p>\n\n\n\n<p><strong>\u201eKreativit\u00e4t am Berg \u2013 Ein Portr\u00e4t des K\u00fcnstlers und Alpinisten Andy Parkin\u201c<\/strong><br>Alpenvereinsjahrbuch BERG 2015<\/p>\n\n\n\n<p><strong>\u201eDer Mythos Eiger und seine bewegte Geschichte \u2013 Wand der W\u00e4nde ohne Ende\u201c,<\/strong><br>Alpin, 8\/2013<\/p>\n\n\n\n<p><strong>\u201eDirettissima-Geschichte \u2013 Gestern, heute, morgen\u201c<\/strong>,<br>Alpin, 2\/2013<\/p>\n\n\n\n<p><strong>\u201eTatort Mount Everest \u2013 Der Fall Mallory\u201c<\/strong><br>Der Bergsteiger, 1\/2010<\/p>\n\n\n\n<p><strong>\u201eWie m\u00fcde darf ein Held sein?\u201c&nbsp;(The myth of Austrian climbing legend Hermann Buhl)<\/strong>,<br>Frankfurter Allgemeine Zeitung, 21 June 2007<\/p>\n\n\n\n<p><strong>\u201eAlpinismus reloaded\u201c&nbsp;(revisionism in climbing history)<\/strong>,<br>BERGE, 5\/2007<\/p>\n\n\n\n<p><strong>\u201e50 Jahre Broad Peak\u201c&nbsp;<\/strong>,<br>DAV Panorama, 4\/2007<\/p>\n\n\n\n<p><strong>\u201eCiao Markus\u201c&nbsp;(remembering Markus Kronthaler)<\/strong>,<br>Alpin, 4\/2007<\/p>\n\n\n\n<p><strong>\u201eBroad Peak 1957\/2007\u201c<\/strong><br><em>Ein Gipfel, zwei Zeiten, zwei Reisen (One summit, two epochs, two journeys)<\/em><br>Salzburger Alpenvereinsnachrichten, 53, 205 (April-Juni 2007)<br>und Innsbruck Alpin, 3\/2007<\/p>\n\n\n\n<p><strong>\u201eJohn Harlins gr\u00f6\u00dftes Kunstwerk\u201c&nbsp;(Eiger Direct 40 years after)<\/strong><br>BERGE, 5\/2006<\/p>\n\n\n\n<p><strong>\u201eDeadly Ascent\u201c&nbsp;(Reinhold Messner and the Nanga Parbat controversy 1970)<\/strong><br>research for article by P. Gillman in The Sunday Times Magazine, 25 April 2004<\/p>\n\n\n\n<p><strong>\u201eK2-Der Berg der Berge\u201c&nbsp;(50th anniversary of the first ascent)<\/strong><br>BERGE, 4\/2004<\/p>\n\n\n\n<p><strong>\u201eAus dem Mythos wird ein Mensch\u201c&nbsp;(Mallory)<\/strong>,<br>Frankfurter Allgemeine Zeitung, 28 May 2003<\/p>\n\n\n\n<p><strong>\u201eNationalstolz auf h\u00f6chster Ebene\u201c&nbsp;(Everest, politics and nationalism)<\/strong>,<br>Baseler Magazin, 21, 24 May 2003<\/p>\n\n\n\n<p><strong>\u201eMallory\u2019s letztes Geheimnis\u201c&nbsp;(Xu Jing and the discovery of Andrew Irvine 1960),<\/strong><br>Alpin, May 2003<\/p>\n\n\n\n<p><strong>\u201eThe English dead\u201c<\/strong>,<br>Geographical, May 2003<\/p>\n\n\n\n<p><strong>\u201eAlpiner Ballermann am Berg der Berge\u201c&nbsp;(50th anniversary of the first ascent)<\/strong>,<br>BERGE, 3\/2003<\/p>\n\n\n\n<p><strong>\u201eDas h\u00f6chste Fundb\u00fcro der Welt\u201c<\/strong>,<br>Alpin, November 2001<\/p>\n\n\n\n<p><strong>\u201eDem Tod von der Schippe geklaut\u201c&nbsp;(with C. Kratzer und J. Norton)<\/strong>,<br>Alpin, August 2001<\/p>\n\n\n\n<p><strong>\u201eNeue Expedition-Alte R\u00e4tsel\u201c&nbsp;(with C. Kratzer)<\/strong>,<br>Alpin, March 2001<\/p>\n\n\n\n<p><strong>\u201eDiscovery on Mount Everest\u201c&nbsp;(with L.A. Johnson)<\/strong>,<br>Climbing, 188, September 1999<\/p>\n\n\n\n<h2 class=\"wp-block-heading\">TV Productions<\/h2>\n\n\n\n<h3 class=\"wp-block-heading\">Script and directing<\/h3>\n\n\n\n<p><strong>\u201eDer Ortler \u2013 S\u00fcdtirols K\u00f6nig der Berge\u201c<\/strong><br>Servus TV, November 2016<\/p>\n\n\n\n<h3 class=\"wp-block-heading\">Directing and editing assistance, script and consulting<\/h3>\n\n\n\n<p><strong>\u201eMatterhorn \u2013 Vom Mythos zur Marke\u201c<\/strong><br>Servus TV, July 2015<\/p>\n\n\n\n<p><strong>\u201ePeter Ressmann \u2013 Eine Widmung\u201c<\/strong><br>Servus TV, June 2013<\/p>\n\n\n\n<p><strong>\u201eDas letzte Wort hat der Berg \u2013 Matterhorn-Nordwand\u201c<\/strong><br>Servus TV, November 2012<\/p>\n\n\n\n<p><strong>\u201eDrei Zinnen \u2013 Grenzen der Felskletterei\u201c<\/strong><br>Servus TV, October 2012<\/p>\n\n\n\n<h3 class=\"wp-block-heading\">Script and consulting<\/h3>\n\n\n\n<p><strong>\u201eZwischen Licht und Schatten \u2013 Piz Badile-Nordostwand\u201c<\/strong>,<br>Servus TV, September 2012<\/p>\n\n\n\n<p><strong>\u201eDer zerfallende Berg \u2013 Die Petit Dru-Nordwand\u201c<\/strong>,<br>Servus TV, February 2012<\/p>\n\n\n\n<p><strong>\u201eEiger-Nordwand \u2013 Die Wand der W\u00e4nde\u201c<\/strong>,<br>Servus TV, February 2012<\/p>\n\n\n\n<p><strong>\u201eDie Suche der Sherpas\u201c<\/strong>,<br>Servus TV, February 2012<\/p>\n\n\n\n<p><strong>\u201eErster auf dem Everest\u201c&nbsp;(Die Suche nach Andrew Irvine)<\/strong><br>Universum \u2013 ORF2, December 2010<\/p>\n\n\n\n<h3 class=\"wp-block-heading\">Consulting<\/h3>\n\n\n\n<p><strong>\u201eGrab in eisigen H\u00f6hen\u201c&nbsp;(Bergung von Markus Kronthaler)<\/strong>,<br>Pro7, January 2008<\/p>\n\n\n\n<p><strong>\u201eBroad Peak 2006 \u2013 Auf den Spuren von Hermann Buhl\u201c<\/strong>,<br>smac-media\/BR<\/p>\n\n\n\n<p><strong>\u201eFredrik Str\u00e4ng och Mysteriet pa Everest\u201c&nbsp;(Fredrik Str\u00e4ng and the mystery on Everest)<\/strong><br>TV 4 AB (Schweden), March 2007<\/p>\n\n\n\n<p><strong>\u201eDie Marmormumie vom Mount Everest\u201c<\/strong>, ZDF, January 2000<\/p>\n\n\n\n<p><strong>\u201eWelt der Wunder Spezial \u2013 Mount Everest\u201c<\/strong>, Pro7, November 2001<\/p>\n\n\n\n<p>In addition work on several short features about Everest\/Mallory &amp; Irvinefor TV stations (HR, NDR, 3Sat, Deutsche Welle TV, XXP, among others) and radio stations (NDR, Radio Bremen, DeutschlandRadio, HR, SWR, BR, among others)<\/p>\n\n\n\n<p>Over 100 lectures and book readings&nbsp;about Mount Everest\/Mallory &amp; Irvine in Germany, Switzerland, France, England, Scotland, and USA<\/p>\n\n\n\n<h2 class=\"wp-block-heading\">Exhibitions<\/h2>\n\n\n\n<p>Curator for the history of Everest in connection with <strong>\u201eYadegar Asisis Everest \u2013 Erlebnis zwischen Expedition und Tradition\u201c<\/strong>, asisi Panometer Leipzig, 28 January \u2013 3 June, 2012<\/p>\n\n\n\n<h3 class=\"wp-block-heading\">Consulting<\/h3>\n\n\n\n<p><strong>\u201eDetectives on Everest\u201c<\/strong>,<br>Washington State History Museum, Tacoma (USA), 7 September, 2002 \u2013 6 April, 2003<\/p>\n\n\n\n<h3 class=\"wp-block-heading\">Exhibition manager<\/h3>\n\n\n\n<p>(with A. Schmidt-Stegmaier)<\/p>\n\n\n\n<p><strong>\u201eDetectives on Everest \u2013 Funde der Mallory- &amp; Irvine-Suchexpedition 2001\u201c<\/strong>,<br>Palais am Festungsgraben, Berlin, 1 June \u2013 31 August 2003<br><a href=\"http:\/\/www.detectives-on-everest.de\/\"><strong>www.detectives-on-everest.de<\/strong><\/a><\/p>\n\n\n\n<p><strong>Curator for the history of Everest<\/strong> (with A. Schmidt-Stegmaier) in connection with &nbsp;\u201eYadegar Asisis 8848 Everest 360\u00b0\u201c, Gasometer S\u00fcd-Ost, Leipzig, 24 May \u2013 31 December, 2003 [extended to 2005] \u2013 <a href=\"http:\/\/www.8848everest.de\/\"><strong>www.8848everest.de<\/strong><\/a><\/p>\n\n\n\n<h2 class=\"wp-block-heading\">Awards<\/h2>\n\n\n\n<p><strong>Kamera Alpin in Gold<\/strong>,<br>24. Internationales Berg + Abenteuer Filmfestival Graz, Austria, 2012<\/p>\n\n\n\n<p>for documentary<br><em>\u201ePetit Dru-Nordwand \u2013 Der zerfallene Berg\u201c<\/em><br>(Servus TV, February 2012)<\/p>\n\n\n\n<p><strong>Grand Prix Bansko Mountain Film Festival<\/strong>,<br>Bulgarien, for documentary&nbsp;<em>\u201eErster auf dem Everest\u201c<\/em>&nbsp;(ORF Universum, 2011)<br>Script: Jochen Hemmleb &amp; Gerald Salmina<\/p>\n\n\n\n<p>Short-listed for&nbsp;<strong>\u201eDeutschen Jugendliteraturpreis 2007\u201c<\/strong><br>as consultant for <em>Spurensuche in Eisigen H\u00f6hen<\/em> by Maja Nielsen<\/p>\n\n\n\n<p>Short-listed for&nbsp;<strong>\u201eBoardman &amp; Tasker Award for Mountaineering Literature\u201c<\/strong>&nbsp;(GB) for <em>Ghosts of Everest<\/em> (1999), <em>Detectives on Everest<\/em> (2002) and <em>Nanga Parbat 1970<\/em> (with R. Sale, 2014)<\/p>\n\n\n\n<p><strong>The &nbsp;American Alpine Club<\/strong>&nbsp;ranked&nbsp;\u201eGhosts of Everest\u201c&nbsp;among the 52 most influential books in its 100 years. (American Alpine Journal, 2002)<\/p>\n\n\n\n<p><strong>Italian Literature Award&nbsp;\u201eGiuseppe Mazzotti\u201c<\/strong>&nbsp;for Le Ombre dell\u2018 Everest (Italian edition of&nbsp; <em>Ghosts of Everest<\/em>), 2000<\/p>\n","protected":false},"excerpt":{"rendered":"<p>Books As author, co-author, editor and book designer: Eiger \u2013 Querg\u00e4nge und Abgr\u00fcnde(Rainer Rettner, book design by Jochen Hemmleb)Rimpar: Rainer Rettner self-publishing, 2022 Berg steil! \u2013 Meine Erstbegehungen zum Nachklettern(Christoph Hainz, with Jochen Hemmleb)Bozen: Raetia, 2022 Passion Eiger \u2013 Legend\u00e4re Routen damals und heute(Roger Sch\u00e4li, with Rainer Rettner &amp; Jochen&hellip; <a href=\"https:\/\/jochenhemmleb.com\/web\/en\/references\/\" class=\"more-link read-more\" rel=\"bookmark\">Continue Reading <span class=\"screen-reader-text\">References<\/span><i class=\"fa fa-arrow-right\"><\/i><\/a><\/p>\n","protected":false},"author":1,"featured_media":221,"parent":0,"menu_order":0,"comment_status":"closed","ping_status":"open","template":"","meta":{"footnotes":""},"class_list":{"0":"post-669","1":"page","2":"type-page","3":"status-publish","4":"has-post-thumbnail","5":"hentry","6":"h-entry","8":"h-as-page"},"_links":{"self":[{"href":"https:\/\/jochenhemmleb.com\/web\/wp-json\/wp\/v2\/pages\/669","targetHints":{"allow":["GET"]}}],"collection":[{"href":"https:\/\/jochenhemmleb.com\/web\/wp-json\/wp\/v2\/pages"}],"about":[{"href":"https:\/\/jochenhemmleb.com\/web\/wp-json\/wp\/v2\/types\/page"}],"author":[{"embeddable":true,"href":"https:\/\/jochenhemmleb.com\/web\/wp-json\/wp\/v2\/users\/1"}],"replies":[{"embeddable":true,"href":"https:\/\/jochenhemmleb.com\/web\/wp-json\/wp\/v2\/comments?post=669"}],"version-history":[{"count":4,"href":"https:\/\/jochenhemmleb.com\/web\/wp-json\/wp\/v2\/pages\/669\/revisions"}],"predecessor-version":[{"id":924,"href":"https:\/\/jochenhemmleb.com\/web\/wp-json\/wp\/v2\/pages\/669\/revisions\/924"}],"wp:featuredmedia":[{"embeddable":true,"href":"https:\/\/jochenhemmleb.com\/web\/wp-json\/wp\/v2\/media\/221"}],"wp:attachment":[{"href":"https:\/\/jochenhemmleb.com\/web\/wp-json\/wp\/v2\/media?parent=669"}],"curies":[{"name":"wp","href":"https:\/\/api.w.org\/{rel}","templated":true}]}}