{"id":89,"date":"2017-02-14T20:35:16","date_gmt":"2017-02-14T20:35:16","guid":{"rendered":"http:\/\/jochenhemmleb.com\/web\/?page_id=89"},"modified":"2017-02-14T20:35:16","modified_gmt":"2017-02-14T20:35:16","slug":"kommentar-zu-mallorys-notiz-an-noel-odell","status":"publish","type":"page","link":"https:\/\/jochenhemmleb.com\/web\/mallory-irvine\/7-juni-1924\/kommentar-zu-mallorys-notiz-an-noel-odell\/","title":{"rendered":"Kommentar zu Mallorys Notiz an Noel Odell"},"content":{"rendered":"<p><u><\/u>Odells bemerkte \u00fcber den Verlust des Kochers: <em>&#8220;<\/em>[Es war] <em>ein Ereignis, das ein kaltes Abendessen und Fr\u00fchst\u00fcck f\u00fcr mich bedeutete!&#8221; <\/em>(Odell, S. 266) Dass Odell keinen eigenen Kocher mitgenommen hatte, zeigt, dass er erwartet hatte, einen Kocher im L 5 vorzufinden &#8211; den von Mallory &amp; Irvine. Und dass Mallory &amp; Irvine trotz des Verlustes ihres Kochers weitergingen, zeigt umgekehrt, dass sie erwartet hatten, im L 6 einen zweiten Kocher vorzufinden &#8211; den von Norton &amp; Somervell.<\/p>\n<p><strong>Im Zusammenhang mit den zuvor rekonstruierten Auf- und Abstiegszeiten wird nun offensichtlich, dass der Verbrauch von 90 Atmosph\u00e4ren (400 Liter) Sauerstoff \u00fcber zwei Tage eindeutig nicht bedeuten kann, dass sie Sauerstoff <u>durchgehend<\/u> benutzt hatten. <\/strong>Bei einer Durchflussrate von 1,5 l\/min h\u00e4tte diese Menge 4h 25min gereicht, \u00fcbertragen auf den gesamten Anstieg von L 4 nach L 6 &#8211; oder sogar noch k\u00fcrzer, wenn die Durchflussrate h\u00f6her gewesen w\u00e4re (siehe Holzel\/Salkeld, S. 224). Dies w\u00fcrde eine unverh\u00e4ltnism\u00e4\u00dfig schnelle Aufstiegszeit voraussetzen, selbst bei Verwendung von Sauerstoff. Und eine solche wird zus\u00e4tzlich durch die sp\u00e4ten R\u00fcckkehrzeiten der Tr\u00e4ger widerlegt. Um letztere anders zu erkl\u00e4ren, h\u00e4tten die Tr\u00e4ger mehrere Stunden in den jeweiligen Lagern verbringen m\u00fcssen, was unwahrscheinlich ist.<\/p>\n<p>Anstatt einer schnellen Aufstiegszeit bedeutet der geringe Sauerstoffverbrauch, den Mallory in seiner Nachricht an Odell erw\u00e4hnt, <strong>dass Mallory &amp; Irvine w\u00e4hrend des zweit\u00e4gigen Aufstiegs nach L 6 nur wenig Sauerstoff verwendet hatten. <\/strong>Dies war von Anfang an Mallorys Plan gewesen, wie in Norton 4 (S. 116) dokumentiert:<\/p>\n<p><em>\u201cAs Mallory and I lay in our tent, he explained that he had decided that [&#8230;] he was determined to make one more attempt, this time with oxygen, and how he had been down to Camp III with Bruce and collected sufficient porters to enable the attempt to be staged.\u201d<\/em><\/p>\n<p><em>&#8220;Als Mallory und ich in unserem Zelt lagen, erkl\u00e4rte er, dass er sich entschlossen hatte <\/em>[&#8230;] <em>einen weiteren Versuch zu unternehmen, diesmal mit Sauerstoff. Und dass er mit Bruce nach Lager III abgestiegen war, um eine ausreichende Anzahl von Tr\u00e4gern zusammenzustellen, damit der Versuch durchgef\u00fchrt werden konnte.&#8221;<\/em><\/p>\n<p>Dieser Satz hat eine Fu\u00dfnote: <em>&#8220;It may be asked how it came that sufficient porters were now available for an attempt with oxygen, seeing that we had decided against an oxygen attempt at Camp I on grounds of inadequate transport. Mallory and Irvine\u00a0decided to use practically no oxygen up to Camp VI\u00a0<\/em>[&#8230;] <em>And, lastly, Camp VI having been established with tents and bedding by Somervell and me,\u00a0nearly every available porter could now be used for carrying oxygen cylinders.&#8221;<\/em><\/p>\n<p><em>&#8220;Man mag fragen, wie es dazu kam, dass nun gen\u00fcgend Tr\u00e4ger f\u00fcr einen Versuch mit Sauerstoff verf\u00fcgbar waren, da wir zuvor uns im Lager I gegen einen Versuch mit Sauerstoff entschieden hatte, da es nicht gen\u00fcgend Transportkapazit\u00e4t gab. <u>Mallory und Irvine entschieden sich, bis Lager VI praktisch keinen Sauerstoff zu benutzen<\/u> <\/em>[&#8230;] <em>Und da Somervell und ich Lager VI mit Zelten, Schlafs\u00e4cken und Isoliermatten ausgestattet hatten, <u>konnte fast jeder verf\u00fcgbare Tr\u00e4ger nun zum Transport von Sauerstoffflaschen eingesetzt werden<\/u>.<\/em> (Hervorhebungen JH)<\/p>\n<p>Und als Konsequenz dieser Kombination w\u00fcrde fast jede Sauerstoffflasche f\u00fcr den Gipfeltag zur Verf\u00fcgung stehen.<\/p>\n","protected":false},"excerpt":{"rendered":"<p>Odells bemerkte \u00fcber den Verlust des Kochers: &#8220;[Es war] ein Ereignis, das ein kaltes Abendessen und Fr\u00fchst\u00fcck f\u00fcr mich bedeutete!&#8221; (Odell, S. 266) Dass Odell keinen eigenen Kocher mitgenommen hatte, zeigt, dass er erwartet hatte, einen Kocher im L 5 vorzufinden &#8211; den von Mallory &amp; Irvine. Und dass Mallory&hellip; <a href=\"https:\/\/jochenhemmleb.com\/web\/mallory-irvine\/7-juni-1924\/kommentar-zu-mallorys-notiz-an-noel-odell\/\" class=\"more-link read-more\" rel=\"bookmark\">Continue Reading <span class=\"screen-reader-text\">Kommentar zu Mallorys Notiz an Noel Odell<\/span><i class=\"fa fa-arrow-right\"><\/i><\/a><\/p>\n","protected":false},"author":1,"featured_media":0,"parent":85,"menu_order":2,"comment_status":"closed","ping_status":"closed","template":"","meta":{"footnotes":""},"class_list":{"0":"post-89","1":"page","2":"type-page","3":"status-publish","4":"hentry","5":"h-entry","7":"h-as-page"},"_links":{"self":[{"href":"https:\/\/jochenhemmleb.com\/web\/wp-json\/wp\/v2\/pages\/89","targetHints":{"allow":["GET"]}}],"collection":[{"href":"https:\/\/jochenhemmleb.com\/web\/wp-json\/wp\/v2\/pages"}],"about":[{"href":"https:\/\/jochenhemmleb.com\/web\/wp-json\/wp\/v2\/types\/page"}],"author":[{"embeddable":true,"href":"https:\/\/jochenhemmleb.com\/web\/wp-json\/wp\/v2\/users\/1"}],"replies":[{"embeddable":true,"href":"https:\/\/jochenhemmleb.com\/web\/wp-json\/wp\/v2\/comments?post=89"}],"version-history":[{"count":1,"href":"https:\/\/jochenhemmleb.com\/web\/wp-json\/wp\/v2\/pages\/89\/revisions"}],"predecessor-version":[{"id":90,"href":"https:\/\/jochenhemmleb.com\/web\/wp-json\/wp\/v2\/pages\/89\/revisions\/90"}],"up":[{"embeddable":true,"href":"https:\/\/jochenhemmleb.com\/web\/wp-json\/wp\/v2\/pages\/85"}],"wp:attachment":[{"href":"https:\/\/jochenhemmleb.com\/web\/wp-json\/wp\/v2\/media?parent=89"}],"curies":[{"name":"wp","href":"https:\/\/api.w.org\/{rel}","templated":true}]}}