{"id":955,"date":"2024-06-12T16:47:29","date_gmt":"2024-06-12T16:47:29","guid":{"rendered":"https:\/\/jochenhemmleb.com\/web\/?page_id=955"},"modified":"2024-06-12T16:47:30","modified_gmt":"2024-06-12T16:47:30","slug":"winter-8000","status":"publish","type":"page","link":"https:\/\/jochenhemmleb.com\/web\/bucher\/winter-8000\/","title":{"rendered":"Winter 8000"},"content":{"rendered":"\n<h4 class=\"wp-block-heading\">(Autorin: Bernadette McDonald; \u00dcbersetzung und Bearbeitung: Jochen Hemmleb)<br>Ziegelbr\u00fccke: AS Verlag, 2022<\/h4>\n\n\n<div class=\"wp-block-image\">\n<figure class=\"alignleft size-full is-resized\"><img loading=\"lazy\" decoding=\"async\" width=\"526\" height=\"832\" src=\"https:\/\/jochenhemmleb.com\/web\/wp-content\/uploads\/2024\/06\/image-5.png\" alt=\"\" class=\"wp-image-956\" style=\"width:230px;height:auto\" srcset=\"https:\/\/jochenhemmleb.com\/web\/wp-content\/uploads\/2024\/06\/image-5.png 526w, https:\/\/jochenhemmleb.com\/web\/wp-content\/uploads\/2024\/06\/image-5-190x300.png 190w\" sizes=\"auto, (max-width: 526px) 100vw, 526px\" \/><\/figure><\/div>\n\n\n<p>Schneidende K\u00e4lte, die Material und Willen gleicherma\u00dfen bricht. St\u00fcrme, deren Gewalt Menschen vom Berg fegen kann. Kurze Tage und lange, dunkle N\u00e4chte. Abgeschiedenheit und Isolation. Winterbergsteigen an den Achttausendern ist eine Erfahrung im absoluten Grenzbereich. Neben eindr\u00fccklichen Schilderungen der Besteigungen, bei denen die elementaren Urgewalten des Winters regelrecht f\u00fchlbar werden, zeichnet Bernadette McDonald ber\u00fchrende, erkenntnisreiche Portr\u00e4ts der Protagonisten, ihrer Familien und ihres oft pr\u00e4genden Umfelds. Dabei scheut sie nicht vor kritischen Betrachtungen und Fragen zur\u00fcck. Warum entscheiden sich diese au\u00dfergew\u00f6hnlichen M\u00e4nner und Frauen dazu, die h\u00f6chsten Berge der Welt in der k\u00e4ltesten Jahreszeit zu besteigen? Wie halten sie die extreme Bedingungen aus?<\/p>\n\n\n\n<hr class=\"wp-block-separator has-alpha-channel-opacity\"\/>\n\n\n\n<h2 class=\"wp-block-heading\">Buchdaten<\/h2>\n\n\n\n<ul class=\"wp-block-list\">\n<li>AS Verlag, 2021<\/li>\n\n\n\n<li>320 S., mit zahlreichen Farb- und SW-Abbildungen<\/li>\n\n\n\n<li>21,5 x 13,5 cm, gebunden<\/li>\n\n\n\n<li>ISBN-Nr. 978-3-03913-030-6<\/li>\n\n\n\n<li><a href=\"http:\/\/www.asverlag.lesestoff.ch\/\">www.asverlag.lesestoff.ch<\/a><\/li>\n<\/ul>\n","protected":false},"excerpt":{"rendered":"<p>(Autorin: Bernadette McDonald; \u00dcbersetzung und Bearbeitung: Jochen Hemmleb)Ziegelbr\u00fccke: AS Verlag, 2022 Schneidende K\u00e4lte, die Material und Willen gleicherma\u00dfen bricht. St\u00fcrme, deren Gewalt Menschen vom Berg fegen kann. Kurze Tage und lange, dunkle N\u00e4chte. Abgeschiedenheit und Isolation. Winterbergsteigen an den Achttausendern ist eine Erfahrung im absoluten Grenzbereich. Neben eindr\u00fccklichen Schilderungen der&hellip; <a href=\"https:\/\/jochenhemmleb.com\/web\/bucher\/winter-8000\/\" class=\"more-link read-more\" rel=\"bookmark\">Continue Reading <span class=\"screen-reader-text\">Winter 8000<\/span><i class=\"fa fa-arrow-right\"><\/i><\/a><\/p>\n","protected":false},"author":1,"featured_media":0,"parent":5,"menu_order":14,"comment_status":"closed","ping_status":"closed","template":"","meta":{"footnotes":""},"class_list":{"0":"post-955","1":"page","2":"type-page","3":"status-publish","4":"hentry","5":"h-entry","7":"h-as-page"},"_links":{"self":[{"href":"https:\/\/jochenhemmleb.com\/web\/wp-json\/wp\/v2\/pages\/955","targetHints":{"allow":["GET"]}}],"collection":[{"href":"https:\/\/jochenhemmleb.com\/web\/wp-json\/wp\/v2\/pages"}],"about":[{"href":"https:\/\/jochenhemmleb.com\/web\/wp-json\/wp\/v2\/types\/page"}],"author":[{"embeddable":true,"href":"https:\/\/jochenhemmleb.com\/web\/wp-json\/wp\/v2\/users\/1"}],"replies":[{"embeddable":true,"href":"https:\/\/jochenhemmleb.com\/web\/wp-json\/wp\/v2\/comments?post=955"}],"version-history":[{"count":1,"href":"https:\/\/jochenhemmleb.com\/web\/wp-json\/wp\/v2\/pages\/955\/revisions"}],"predecessor-version":[{"id":957,"href":"https:\/\/jochenhemmleb.com\/web\/wp-json\/wp\/v2\/pages\/955\/revisions\/957"}],"up":[{"embeddable":true,"href":"https:\/\/jochenhemmleb.com\/web\/wp-json\/wp\/v2\/pages\/5"}],"wp:attachment":[{"href":"https:\/\/jochenhemmleb.com\/web\/wp-json\/wp\/v2\/media?parent=955"}],"curies":[{"name":"wp","href":"https:\/\/api.w.org\/{rel}","templated":true}]}}

<h4 class="wp-block-heading">(Autorin: Bernadette McDonald; Übersetzung und Bearbeitung: Jochen Hemmleb)<br>Ziegelbrücke: AS Verlag, 2022</h4>


<div class="wp-block-image">
<figure class="alignleft size-full is-resized"><img loading="lazy" decoding="async" width="526" height="832" src="https://jochenhemmleb.com/web/wp-content/uploads/2024/06/image-5.png" alt="" class="wp-image-956" style="width:230px;height:auto" srcset="https://jochenhemmleb.com/web/wp-content/uploads/2024/06/image-5.png 526w, https://jochenhemmleb.com/web/wp-content/uploads/2024/06/image-5-190x300.png 190w" sizes="auto, (max-width: 526px) 100vw, 526px" /></figure></div>


<p>Schneidende Kälte, die Material und Willen gleichermaßen bricht. Stürme, deren Gewalt Menschen vom Berg fegen kann. Kurze Tage und lange, dunkle Nächte. Abgeschiedenheit und Isolation. Winterbergsteigen an den Achttausendern ist eine Erfahrung im absoluten Grenzbereich. Neben eindrücklichen Schilderungen der Besteigungen, bei denen die elementaren Urgewalten des Winters regelrecht fühlbar werden, zeichnet Bernadette McDonald berührende, erkenntnisreiche Porträts der Protagonisten, ihrer Familien und ihres oft prägenden Umfelds. Dabei scheut sie nicht vor kritischen Betrachtungen und Fragen zurück. Warum entscheiden sich diese außergewöhnlichen Männer und Frauen dazu, die höchsten Berge der Welt in der kältesten Jahreszeit zu besteigen? Wie halten sie die extreme Bedingungen aus?</p>



<hr class="wp-block-separator has-alpha-channel-opacity"/>



<h2 class="wp-block-heading">Buchdaten</h2>



<ul class="wp-block-list">
<li>AS Verlag, 2021</li>



<li>320 S., mit zahlreichen Farb- und SW-Abbildungen</li>



<li>21,5 x 13,5 cm, gebunden</li>



<li>ISBN-Nr. 978-3-03913-030-6</li>



<li><a href="http://www.asverlag.lesestoff.ch/">www.asverlag.lesestoff.ch</a></li>
</ul>

<p>(Autorin: Bernadette McDonald; Übersetzung und Bearbeitung: Jochen Hemmleb)Ziegelbrücke: AS Verlag, 2022 Schneidende Kälte, die Material und Willen gleichermaßen bricht. Stürme, deren Gewalt Menschen vom Berg fegen kann. Kurze Tage und lange, dunkle Nächte. Abgeschiedenheit und Isolation. Winterbergsteigen an den Achttausendern ist eine Erfahrung im absoluten Grenzbereich. Neben eindrücklichen Schilderungen der&hellip; <a href="https://jochenhemmleb.com/web/bucher/winter-8000/" class="more-link read-more" rel="bookmark">Continue Reading <span class="screen-reader-text">Winter 8000</span><i class="fa fa-arrow-right"></i></a></p>
